CRAN Package Check Results for Package spMaps

Last updated on 2022-09-30 08:54:21 CEST.

Flavor Version Tinstall Tcheck Ttotal Status Flags
r-devel-linux-x86_64-debian-clang 0.4.0 30.90 281.93 312.83 NOTE
r-devel-linux-x86_64-debian-gcc 0.4.0 26.30 206.66 232.96 NOTE
r-devel-linux-x86_64-fedora-clang 0.4.0 409.51 NOTE
r-devel-linux-x86_64-fedora-gcc 0.4.0 377.26 NOTE
r-devel-windows-x86_64 0.4.0 28.00 266.00 294.00 NOTE
r-patched-linux-x86_64 0.4.0 32.77 272.92 305.69 NOTE
r-release-linux-x86_64 0.4.0 32.67 267.42 300.09 NOTE
r-release-macos-arm64 0.4.0 83.00 NOTE
r-release-macos-x86_64 0.4.0 112.00 NOTE
r-release-windows-x86_64 0.4.0 31.00 271.00 302.00 NOTE
r-oldrel-macos-arm64 0.4.0 55.00 NOTE
r-oldrel-macos-x86_64 0.4.0 93.00 NOTE
r-oldrel-windows-ix86+x86_64 0.4.0 67.00 274.00 341.00 NOTE

Check Details

Version: 0.4.0
Check: LazyData
Result: NOTE
     'LazyData' is specified without a 'data' directory
Flavors: r-devel-linux-x86_64-debian-clang, r-devel-linux-x86_64-debian-gcc, r-devel-linux-x86_64-fedora-clang, r-devel-linux-x86_64-fedora-gcc, r-devel-windows-x86_64, r-patched-linux-x86_64, r-release-linux-x86_64, r-release-macos-arm64, r-release-macos-x86_64, r-release-windows-x86_64, r-oldrel-macos-arm64, r-oldrel-macos-x86_64, r-oldrel-windows-ix86+x86_64

Version: 0.4.0
Check: package dependencies
Result: NOTE
    Package suggested but not available for checking: ‘antaresViz’
Flavors: r-release-macos-arm64, r-oldrel-macos-arm64

Version: 0.4.0
Check: Rd cross-references
Result: NOTE
    Package unavailable to check Rd xrefs: ‘antaresViz’
Flavors: r-release-macos-arm64, r-oldrel-macos-arm64