CRAN Package Check Results for Package spGARCH

Last updated on 2022-10-05 10:51:53 CEST.

Flavor Version Tinstall Tcheck Ttotal Status Flags
r-devel-linux-x86_64-debian-clang 0.2.2 83.24 122.48 205.72 OK
r-devel-linux-x86_64-debian-gcc 0.2.2 70.70 93.72 164.42 OK
r-devel-linux-x86_64-fedora-clang 0.2.2 264.66 OK
r-devel-linux-x86_64-fedora-gcc 0.2.2 272.78 OK
r-devel-windows-x86_64 0.2.2 68.00 164.00 232.00 OK
r-patched-linux-x86_64 0.2.2 81.43 115.91 197.34 OK
r-release-linux-x86_64 0.2.2 73.99 120.12 194.11 OK
r-release-macos-arm64 0.2.2 113.00 NOTE
r-release-macos-x86_64 0.2.2 162.00 NOTE
r-release-windows-x86_64 0.2.2 58.00 167.00 225.00 OK
r-oldrel-macos-arm64 0.2.2 93.00 NOTE
r-oldrel-macos-x86_64 0.2.2 143.00 NOTE
r-oldrel-windows-ix86+x86_64 0.2.2 182.00 192.00 374.00 OK

Check Details

Version: 0.2.2
Check: installed package size
Result: NOTE
     installed size is 24.4Mb
     sub-directories of 1Mb or more:
     libs 24.1Mb
Flavors: r-release-macos-arm64, r-release-macos-x86_64, r-oldrel-macos-arm64, r-oldrel-macos-x86_64