Last updated on 2021-03-08 19:51:23 CET.
Flavor | Version | Tinstall | Tcheck | Ttotal | Status | Flags |
---|---|---|---|---|---|---|
r-devel-linux-x86_64-debian-clang | 1.0.0 | 11.01 | 107.50 | 118.51 | OK | |
r-devel-linux-x86_64-debian-gcc | 1.0.0 | 7.50 | 78.42 | 85.92 | OK | |
r-devel-linux-x86_64-fedora-clang | 1.0.0 | 142.77 | NOTE | |||
r-devel-linux-x86_64-fedora-gcc | 1.0.0 | 133.28 | NOTE | |||
r-devel-windows-ix86+x86_64 | 1.0.0 | 24.00 | 173.00 | 197.00 | OK | |
r-devel-windows-x86_64-gcc10-UCRT | 1.0.0 | NOTE | ||||
r-patched-linux-x86_64 | 1.0.0 | 10.71 | 97.53 | 108.24 | OK | |
r-patched-solaris-x86 | 1.0.0 | 256.70 | NOTE | |||
r-release-linux-x86_64 | 1.0.0 | 10.18 | 99.59 | 109.77 | OK | |
r-release-macos-x86_64 | 1.0.0 | NOTE | ||||
r-release-windows-ix86+x86_64 | 1.0.0 | 18.00 | 177.00 | 195.00 | OK | |
r-oldrel-macos-x86_64 | 1.0.0 | NOTE | ||||
r-oldrel-windows-ix86+x86_64 | 1.0.0 | 16.00 | 124.00 | 140.00 | OK |
Version: 1.0.0
Check: dependencies in R code
Result: NOTE
Namespaces in Imports field not imported from:
‘class’ ‘mlbench’
All declared Imports should be used.
Flavors: r-devel-linux-x86_64-fedora-clang, r-devel-linux-x86_64-fedora-gcc, r-devel-windows-x86_64-gcc10-UCRT, r-patched-solaris-x86, r-release-macos-x86_64, r-oldrel-macos-x86_64