Last updated on 2023-03-31 08:54:13 CEST.
Flavor | Version | Tinstall | Tcheck | Ttotal | Status | Flags |
---|---|---|---|---|---|---|
r-devel-linux-x86_64-debian-clang | 1.1 | 16.25 | 135.45 | 151.70 | OK | |
r-devel-linux-x86_64-debian-gcc | 1.1 | 13.40 | 101.31 | 114.71 | OK | |
r-devel-linux-x86_64-fedora-clang | 1.1 | 188.66 | NOTE | |||
r-devel-linux-x86_64-fedora-gcc | 1.1 | 189.99 | NOTE | |||
r-patched-linux-x86_64 | 1.1 | 14.86 | 128.06 | 142.92 | OK | |
r-release-linux-x86_64 | 1.1 | 10.97 | 127.75 | 138.72 | OK | |
r-release-macos-arm64 | 1.1 | 56.00 | NOTE | |||
r-release-macos-x86_64 | 1.1 | 71.00 | NOTE | |||
r-release-windows-x86_64 | 1.1 | 24.00 | 164.00 | 188.00 | NOTE | |
r-oldrel-macos-arm64 | 1.1 | 53.00 | NOTE | |||
r-oldrel-macos-x86_64 | 1.1 | 72.00 | NOTE | |||
r-oldrel-windows-ix86+x86_64 | 1.1 | 35.00 | 152.00 | 187.00 | NOTE |
Version: 1.1
Check: installed package size
Result: NOTE
installed size is 5.9Mb
sub-directories of 1Mb or more:
data 4.3Mb
help 1.5Mb
Flavors: r-devel-linux-x86_64-fedora-clang, r-release-macos-arm64, r-release-macos-x86_64, r-release-windows-x86_64, r-oldrel-macos-arm64, r-oldrel-macos-x86_64, r-oldrel-windows-ix86+x86_64
Version: 1.1
Check: data for non-ASCII characters
Result: NOTE
Note: found 34 marked UTF-8 strings
Flavors: r-devel-linux-x86_64-fedora-clang, r-devel-linux-x86_64-fedora-gcc, r-release-macos-arm64, r-release-macos-x86_64, r-oldrel-macos-arm64, r-oldrel-macos-x86_64