CRAN Package Check Results for Package sovereign

Last updated on 2021-11-30 07:50:06 CET.

Flavor Version Tinstall Tcheck Ttotal Status Flags
r-devel-linux-x86_64-debian-clang 1.2.0 6.03 283.79 289.82 OK
r-devel-linux-x86_64-debian-gcc 1.2.0 4.62 166.35 170.97 ERROR
r-devel-linux-x86_64-fedora-clang 1.2.0 273.09 ERROR
r-devel-linux-x86_64-fedora-gcc 1.2.0 265.49 ERROR
r-devel-windows-x86_64-new-UL 1.2.0 15.00 363.00 378.00 OK
r-devel-windows-x86_64-new-TK 1.2.0 ERROR
r-devel-windows-x86_64-old 1.2.0 10.00 202.00 212.00 ERROR
r-patched-linux-x86_64 1.2.0 5.43 264.79 270.22 OK
r-patched-solaris-x86 1.2.0 289.00 OK
r-release-linux-x86_64 1.2.0 4.32 265.81 270.13 OK
r-release-macos-arm64 1.2.0 OK
r-release-macos-x86_64 1.2.0 OK
r-release-windows-ix86+x86_64 1.2.0 11.00 232.00 243.00 OK
r-oldrel-macos-x86_64 1.2.0 OK
r-oldrel-windows-ix86+x86_64 1.2.0 9.00 254.00 263.00 OK

Check Details

Version: 1.2.0
Check: tests
Result: ERROR
     Running ‘testthat.R’ [78s/124s]
    Running the tests in ‘tests/testthat.R’ failed.
    Complete output:
     > library(testthat)
     > library(sovereign)
     >
     > test_check("sovereign")
    
     Call:
     stats::lm(formula = col_to_instrument ~ ., data = data %>% dplyr::select(col_to_instrument = dplyr::all_of(col_to_instrument),
     dplyr::all_of(instrument)) %>% stats::na.omit())
    
     Residuals:
     Min 1Q Median 3Q Max
     -2.54074 -0.67917 -0.00139 0.54986 2.38799
    
     Coefficients:
     Estimate Std. Error t value Pr(>|t|)
     (Intercept) -0.1103 0.1329 -0.829 0.409
     inst 0.2119 0.1843 1.150 0.253
    
     Residual standard error: 0.9114 on 96 degrees of freedom
     Multiple R-squared: 0.01358, Adjusted R-squared: 0.003304
     F-statistic: 1.322 on 1 and 96 DF, p-value: 0.2532
    
     ══ Failed tests ════════════════════════════════════════════════════════════════
     ── Error (test-structure.R:70:3): VAR workflow ─────────────────────────────────
     Error in `instrumented_shocks[2:length(covariates), ]`: incorrect number of dimensions
     Backtrace:
     █
     1. ├─sovereign::IRF(var.iv, bootstrap.num = 10) test-structure.R:70:2
     2. │ └─sovereign::var_irf(...)
     3. │ └─sovereign:::solve_B(var)
     4. │ └─instrumented_shocks[2:length(covariates), ] %>% as.matrix()
     5. └─base::as.matrix(.)
    
     [ FAIL 1 | WARN 30 | SKIP 0 | PASS 69 ]
     Error: Test failures
     Execution halted
Flavor: r-devel-linux-x86_64-debian-gcc

Version: 1.2.0
Check: tests
Result: ERROR
     Running ‘testthat.R’ [119s/146s]
    Running the tests in ‘tests/testthat.R’ failed.
    Complete output:
     > library(testthat)
     > library(sovereign)
     >
     > test_check("sovereign")
    
     Call:
     stats::lm(formula = col_to_instrument ~ ., data = data %>% dplyr::select(col_to_instrument = dplyr::all_of(col_to_instrument),
     dplyr::all_of(instrument)) %>% stats::na.omit())
    
     Residuals:
     Min 1Q Median 3Q Max
     -1.87660 -0.72131 -0.04826 0.60242 2.16618
    
     Coefficients:
     Estimate Std. Error t value Pr(>|t|)
     (Intercept) -0.002588 0.119195 -0.022 0.983
     inst 0.006675 0.191417 0.035 0.972
    
     Residual standard error: 0.9233 on 96 degrees of freedom
     Multiple R-squared: 1.267e-05, Adjusted R-squared: -0.0104
     F-statistic: 0.001216 on 1 and 96 DF, p-value: 0.9723
    
     ══ Failed tests ════════════════════════════════════════════════════════════════
     ── Error (test-structure.R:70:3): VAR workflow ─────────────────────────────────
     Error in `instrumented_shocks[2:length(covariates), ]`: incorrect number of dimensions
     Backtrace:
     █
     1. ├─sovereign::IRF(var.iv, bootstrap.num = 10) test-structure.R:70:2
     2. │ └─sovereign::var_irf(...)
     3. │ └─sovereign:::solve_B(var)
     4. │ └─instrumented_shocks[2:length(covariates), ] %>% as.matrix()
     5. └─base::as.matrix(.)
    
     [ FAIL 1 | WARN 30 | SKIP 0 | PASS 69 ]
     Error: Test failures
     Execution halted
Flavor: r-devel-linux-x86_64-fedora-clang

Version: 1.2.0
Check: tests
Result: ERROR
     Running ‘testthat.R’ [121s/141s]
    Running the tests in ‘tests/testthat.R’ failed.
    Complete output:
     > library(testthat)
     > library(sovereign)
     >
     > test_check("sovereign")
    
     Call:
     stats::lm(formula = col_to_instrument ~ ., data = data %>% dplyr::select(col_to_instrument = dplyr::all_of(col_to_instrument),
     dplyr::all_of(instrument)) %>% stats::na.omit())
    
     Residuals:
     Min 1Q Median 3Q Max
     -2.05589 -0.67036 -0.01783 0.57872 2.78329
    
     Coefficients:
     Estimate Std. Error t value Pr(>|t|)
     (Intercept) 0.09274 0.13820 0.671 0.504
     inst -0.19338 0.19955 -0.969 0.335
    
     Residual standard error: 0.9869 on 96 degrees of freedom
     Multiple R-squared: 0.009688, Adjusted R-squared: -0.0006282
     F-statistic: 0.9391 on 1 and 96 DF, p-value: 0.3349
    
     ══ Failed tests ════════════════════════════════════════════════════════════════
     ── Error (test-structure.R:70:3): VAR workflow ─────────────────────────────────
     Error in `instrumented_shocks[2:length(covariates), ]`: incorrect number of dimensions
     Backtrace:
     █
     1. ├─sovereign::IRF(var.iv, bootstrap.num = 10) test-structure.R:70:2
     2. │ └─sovereign::var_irf(...)
     3. │ └─sovereign:::solve_B(var)
     4. │ └─instrumented_shocks[2:length(covariates), ] %>% as.matrix()
     5. └─base::as.matrix(.)
    
     [ FAIL 1 | WARN 30 | SKIP 0 | PASS 69 ]
     Error: Test failures
     Execution halted
Flavor: r-devel-linux-x86_64-fedora-gcc

Version: 1.2.0
Check: tests
Result: ERROR
     Running 'testthat.R'
    Running the tests in 'tests/testthat.R' failed.
    Complete output:
     > library(testthat)
     > library(sovereign)
     >
     > test_check("sovereign")
    
     Call:
     stats::lm(formula = col_to_instrument ~ ., data = data %>% dplyr::select(col_to_instrument = dplyr::all_of(col_to_instrument),
     dplyr::all_of(instrument)) %>% stats::na.omit())
    
     Residuals:
     Min 1Q Median 3Q Max
     -3.11776 -0.53210 0.02805 0.58120 2.53174
    
     Coefficients:
     Estimate Std. Error t value Pr(>|t|)
     (Intercept) -0.0888 0.1507 -0.589 0.557
     inst 0.1554 0.1994 0.780 0.438
    
     Residual standard error: 0.9767 on 96 degrees of freedom
     Multiple R-squared: 0.00629, Adjusted R-squared: -0.004062
     F-statistic: 0.6076 on 1 and 96 DF, p-value: 0.4376
    
     ══ Failed tests ════════════════════════════════════════════════════════════════
     ── Error (test-structure.R:70:3): VAR workflow ─────────────────────────────────
     Error in `instrumented_shocks[2:length(covariates), ]`: incorrect number of dimensions
     Backtrace:
     █
     1. ├─sovereign::IRF(var.iv, bootstrap.num = 10) test-structure.R:70:2
     2. │ └─sovereign::var_irf(...)
     3. │ └─sovereign:::solve_B(var)
     4. │ └─instrumented_shocks[2:length(covariates), ] %>% as.matrix()
     5. └─base::as.matrix(.)
    
     [ FAIL 1 | WARN 31 | SKIP 0 | PASS 69 ]
     Error: Test failures
     Execution halted
Flavor: r-devel-windows-x86_64-new-TK

Version: 1.2.0
Check: tests
Result: ERROR
     Running 'testthat.R' [86s]
    Running the tests in 'tests/testthat.R' failed.
    Complete output:
     > library(testthat)
     > library(sovereign)
     >
     > test_check("sovereign")
    
     Call:
     stats::lm(formula = col_to_instrument ~ ., data = data %>% dplyr::select(col_to_instrument = dplyr::all_of(col_to_instrument),
     dplyr::all_of(instrument)) %>% stats::na.omit())
    
     Residuals:
     Min 1Q Median 3Q Max
     -3.2318 -0.6035 -0.0223 0.5551 3.1652
    
     Coefficients:
     Estimate Std. Error t value Pr(>|t|)
     (Intercept) -0.07127 0.15829 -0.450 0.654
     inst 0.13695 0.21942 0.624 0.534
    
     Residual standard error: 1.085 on 96 degrees of freedom
     Multiple R-squared: 0.004042, Adjusted R-squared: -0.006333
     F-statistic: 0.3896 on 1 and 96 DF, p-value: 0.534
    
     == Failed tests ================================================================
     -- Error (test-structure.R:70:3): VAR workflow ---------------------------------
     Error in `instrumented_shocks[2:length(covariates), ]`: incorrect number of dimensions
     Backtrace:
     x
     1. +-sovereign::IRF(var.iv, bootstrap.num = 10) test-structure.R:70:2
     2. | \-sovereign::var_irf(...)
     3. | \-sovereign:::solve_B(var)
     4. | \-instrumented_shocks[2:length(covariates), ] %>% as.matrix()
     5. \-base::as.matrix(.)
    
     [ FAIL 1 | WARN 35 | SKIP 0 | PASS 69 ]
     Error: Test failures
     Execution halted
Flavor: r-devel-windows-x86_64-old