CRAN Package Check Results for Package sourceR

Last updated on 2020-01-23 09:52:23 CET.

Flavor Version Tinstall Tcheck Ttotal Status Flags
r-devel-linux-x86_64-debian-clang 1.0.1 23.22 81.68 104.90 OK
r-devel-linux-x86_64-debian-gcc 1.0.1 17.61 60.37 77.98 OK
r-devel-linux-x86_64-fedora-clang 1.0.1 124.75 WARN
r-devel-linux-x86_64-fedora-gcc 1.0.1 124.30 NOTE
r-devel-windows-ix86+x86_64 1.0.1 34.00 129.00 163.00 OK
r-devel-windows-ix86+x86_64-gcc8 1.0.1 45.00 168.00 213.00 OK
r-patched-linux-x86_64 1.0.1 16.73 72.31 89.04 OK
r-patched-solaris-x86 1.0.1 147.60 NOTE
r-release-linux-x86_64 1.0.1 17.38 71.39 88.77 OK
r-release-windows-ix86+x86_64 1.0.1 25.00 120.00 145.00 OK
r-release-osx-x86_64 1.0.1 NOTE
r-oldrel-windows-ix86+x86_64 1.0.1 20.00 102.00 122.00 OK
r-oldrel-osx-x86_64 1.0.1 NOTE

Check Details

Version: 1.0.1
Check: package dependencies
Result: WARN
    Requires orphaned package: ‘gplots’
Flavor: r-devel-linux-x86_64-fedora-clang

Version: 1.0.1
Check: dependencies in R code
Result: NOTE
    Namespaces in Imports field not imported from:
     ‘gtools’ ‘hashmap’ ‘reshape2’
     All declared Imports should be used.
Flavors: r-devel-linux-x86_64-fedora-clang, r-devel-linux-x86_64-fedora-gcc, r-patched-solaris-x86, r-release-osx-x86_64, r-oldrel-osx-x86_64