CRAN Package Check Results for Package source.gist

Last updated on 2020-09-24 20:47:01 CEST.

Flavor Version Tinstall Tcheck Ttotal Status Flags
r-devel-linux-x86_64-debian-clang 1.0.0 2.55 24.65 27.20 NOTE
r-devel-linux-x86_64-debian-gcc 1.0.0 2.07 19.55 21.62 NOTE
r-devel-linux-x86_64-fedora-clang 1.0.0 40.50 NOTE
r-devel-linux-x86_64-fedora-gcc 1.0.0 32.60 NOTE
r-devel-windows-ix86+x86_64 1.0.0 6.00 35.00 41.00 OK
r-patched-linux-x86_64 1.0.0 2.76 23.60 26.36 NOTE
r-patched-solaris-x86 1.0.0 52.20 NOTE
r-release-linux-x86_64 1.0.0 2.57 23.87 26.44 NOTE
r-release-macos-x86_64 1.0.0 NOTE
r-release-windows-ix86+x86_64 1.0.0 6.00 39.00 45.00 OK
r-oldrel-macos-x86_64 1.0.0 NOTE
r-oldrel-windows-ix86+x86_64 1.0.0 5.00 35.00 40.00 OK

Check Details

Version: 1.0.0
Check: DESCRIPTION meta-information
Result: NOTE
    License components which are templates and need '+ file LICENSE':
     MIT
Flavors: r-devel-linux-x86_64-debian-clang, r-devel-linux-x86_64-debian-gcc, r-devel-linux-x86_64-fedora-clang, r-devel-linux-x86_64-fedora-gcc, r-patched-linux-x86_64, r-patched-solaris-x86, r-release-linux-x86_64, r-release-macos-x86_64, r-oldrel-macos-x86_64