CRAN Package Check Results for Package soundcorrs

Last updated on 2023-06-05 21:59:20 CEST.

Flavor Version Tinstall Tcheck Ttotal Status Flags
r-devel-linux-x86_64-debian-clang 0.4.0 5.53 68.86 74.39 NOTE
r-devel-linux-x86_64-debian-gcc 0.4.0 4.52 51.94 56.46 NOTE
r-devel-linux-x86_64-fedora-clang 0.4.0 91.76 NOTE
r-devel-linux-x86_64-fedora-gcc 0.4.0 100.71 NOTE
r-devel-windows-x86_64 0.4.0 10.00 80.00 90.00 NOTE
r-patched-linux-x86_64 0.4.0 6.43 67.05 73.48 NOTE
r-release-linux-x86_64 0.4.0 3.44 67.06 70.50 NOTE
r-release-macos-arm64 0.4.0 32.00 NOTE
r-release-macos-x86_64 0.4.0 54.00 NOTE
r-release-windows-x86_64 0.4.0 9.00 92.00 101.00 NOTE
r-oldrel-macos-arm64 0.4.0 29.00 NOTE
r-oldrel-macos-x86_64 0.4.0 48.00 NOTE
r-oldrel-windows-x86_64 0.4.0 7.00 81.00 88.00 NOTE

Check Details

Version: 0.4.0
Check: LazyData
Result: NOTE
     'LazyData' is specified without a 'data' directory
Flavors: r-devel-linux-x86_64-debian-clang, r-devel-linux-x86_64-debian-gcc, r-devel-linux-x86_64-fedora-clang, r-devel-linux-x86_64-fedora-gcc, r-devel-windows-x86_64, r-patched-linux-x86_64, r-release-linux-x86_64, r-release-macos-arm64, r-release-macos-x86_64, r-release-windows-x86_64, r-oldrel-macos-arm64, r-oldrel-macos-x86_64, r-oldrel-windows-x86_64