CRAN Package Check Results for Package sotkanet

Last updated on 2021-09-24 20:49:01 CEST.

Flavor Version Tinstall Tcheck Ttotal Status Flags
r-devel-linux-x86_64-debian-clang 0.9.76 2.11 26.32 28.43 WARN
r-devel-linux-x86_64-debian-gcc 0.9.76 1.47 26.05 27.52 OK
r-devel-linux-x86_64-fedora-clang 0.9.76 47.88 OK
r-devel-linux-x86_64-fedora-gcc 0.9.76 36.82 OK
r-devel-windows-x86_64 0.9.76 5.00 863.00 868.00 OK
r-devel-windows-x86_64-gcc10-UCRT 0.9.76 OK
r-patched-linux-x86_64 0.9.76 2.27 31.40 33.67 OK
r-patched-solaris-x86 0.9.76 58.60 OK
r-release-linux-x86_64 0.9.76 1.94 31.65 33.59 OK
r-release-macos-arm64 0.9.76 OK
r-release-macos-x86_64 0.9.76 OK
r-release-windows-ix86+x86_64 0.9.76 5.00 60.00 65.00 OK
r-oldrel-macos-x86_64 0.9.76 OK
r-oldrel-windows-ix86+x86_64 0.9.76 9.00 58.00 67.00 OK

Check Details

Version: 0.9.76
Check: re-building of vignette outputs
Result: WARN
    Error(s) in re-building vignettes:
     ...
    --- re-building 'tutorial.Rmd' using rmarkdown
    Sotkanet R tools (C) 2013-2021 rOpenGov
    http://ropengov.org
    Retrieving indicator 10013
    Warning in sotkanet.csv_query(url) :
     Sotkanet URL https://www.sotkanet.fi/rest/1.0/data/csv?indicator=10013&years=1990&years=1991&years=1992&years=1993&years=1994&years=1995&years=1996&years=1997&years=1998&years=1999&years=2000&years=2001&years=2002&years=2003&years=2004&years=2005&years=2006&years=2007&years=2008&years=2009&years=2010&years=2011&years=2012&genders=female&genders=male&genders=total does not exist - returning NULL!
    Warning in sotkanet.json_query(url) :
     Sotkanet URL https://www.sotkanet.fi/rest/1.1/indicators/10013 does not exist - returning NULL!
    Warning in SotkanetIndicators(indicator) :
     The URL may be temporarily unavailable. Try later.
    Quitting from lines 73-82 (tutorial.Rmd)
    Error: processing vignette 'tutorial.Rmd' failed with diagnostics:
    undefined columns selected
    --- failed re-building 'tutorial.Rmd'
    
    SUMMARY: processing the following file failed:
     'tutorial.Rmd'
    
    Error: Vignette re-building failed.
    Execution halted
Flavor: r-devel-linux-x86_64-debian-clang