CRAN Package Check Results for Package sos

Last updated on 2020-08-04 21:48:27 CEST.

Flavor Version Tinstall Tcheck Ttotal Status Flags
r-devel-linux-x86_64-debian-clang 2.0-0 3.15 46.59 49.74 NOTE
r-devel-linux-x86_64-debian-gcc 2.0-0 2.42 35.50 37.92 NOTE
r-devel-linux-x86_64-fedora-clang 2.0-0 70.71 NOTE
r-devel-linux-x86_64-fedora-gcc 2.0-0 139.03 NOTE
r-devel-windows-ix86+x86_64 2.0-0 9.00 144.00 153.00 OK
r-patched-linux-x86_64 2.0-0 3.51 46.55 50.06 NOTE
r-patched-solaris-x86 2.0-0 85.10 NOTE
r-release-linux-x86_64 2.0-0 3.00 47.47 50.47 NOTE
r-release-macos-x86_64 2.0-0 OK
r-release-windows-ix86+x86_64 2.0-0 8.00 164.00 172.00 OK
r-oldrel-macos-x86_64 2.0-0 OK
r-oldrel-windows-ix86+x86_64 2.0-0 8.00 165.00 173.00 OK

Check Details

Version: 2.0-0
Check: for non-standard things in the check directory
Result: NOTE
    Found the following files/directories:
     'splineSearch.xls'
Flavors: r-devel-linux-x86_64-debian-clang, r-devel-linux-x86_64-debian-gcc, r-devel-linux-x86_64-fedora-clang, r-devel-linux-x86_64-fedora-gcc, r-patched-linux-x86_64, r-patched-solaris-x86, r-release-linux-x86_64