CRAN Package Check Results for Package sos

Last updated on 2020-01-19 08:47:59 CET.

Flavor Version Tinstall Tcheck Ttotal Status Flags
r-devel-linux-x86_64-debian-clang 2.0-0 2.88 106.58 109.46 NOTE
r-devel-linux-x86_64-debian-gcc 2.0-0 2.81 85.67 88.48 NOTE
r-devel-linux-x86_64-fedora-clang 2.0-0 134.42 NOTE
r-devel-linux-x86_64-fedora-gcc 2.0-0 138.67 NOTE
r-devel-windows-ix86+x86_64 2.0-0 11.00 177.00 188.00 OK
r-devel-windows-ix86+x86_64-gcc8 2.0-0 7.00 201.00 208.00 OK
r-patched-linux-x86_64 2.0-0 2.26 105.44 107.70 OK
r-patched-solaris-x86 2.0-0 84.70 OK
r-release-linux-x86_64 2.0-0 2.24 98.98 101.22 OK
r-release-windows-ix86+x86_64 2.0-0 9.00 179.00 188.00 OK
r-release-osx-x86_64 2.0-0 OK
r-oldrel-windows-ix86+x86_64 2.0-0 6.00 172.00 178.00 OK
r-oldrel-osx-x86_64 2.0-0 OK

Check Details

Version: 2.0-0
Check: for non-standard things in the check directory
Result: NOTE
    Found the following files/directories:
     'splineSearch.xls'
Flavors: r-devel-linux-x86_64-debian-clang, r-devel-linux-x86_64-debian-gcc, r-devel-linux-x86_64-fedora-clang, r-devel-linux-x86_64-fedora-gcc