CRAN Package Check Results for Package soptdmaeA

Last updated on 2020-07-14 09:50:51 CEST.

Flavor Version Tinstall Tcheck Ttotal Status Flags
r-devel-linux-x86_64-debian-clang 1.0.0 10.51 66.28 76.79 OK
r-devel-linux-x86_64-debian-gcc 1.0.0 8.31 52.40 60.71 OK
r-devel-linux-x86_64-fedora-clang 1.0.0 102.36 OK
r-devel-linux-x86_64-fedora-gcc 1.0.0 101.09 OK
r-devel-windows-ix86+x86_64 1.0.0 24.00 70.00 94.00 OK
r-patched-linux-x86_64 1.0.0 10.25 66.58 76.83 OK
r-patched-solaris-x86 1.0.0 142.50 OK
r-release-linux-x86_64 1.0.0 10.18 68.00 78.18 OK
r-release-macos-x86_64 1.0.0 ERROR
r-release-windows-ix86+x86_64 1.0.0 23.00 72.00 95.00 OK
r-oldrel-macos-x86_64 1.0.0 FAIL
r-oldrel-windows-ix86+x86_64 1.0.0 19.00 92.00 111.00 OK

Check Details

Version: 1.0.0
Check: whether package can be installed
Result: ERROR
    Installation failed.
Flavor: r-release-macos-x86_64

Version: 1.0.0
Check: whether package can be installed
Result: FAIL
Flavor: r-oldrel-macos-x86_64