Last updated on 2023-01-27 08:52:49 CET.
Flavor | Version | Tinstall | Tcheck | Ttotal | Status | Flags |
---|---|---|---|---|---|---|
r-devel-linux-x86_64-debian-clang | 0.8.0 | 8.63 | 120.98 | 129.61 | OK | |
r-devel-linux-x86_64-debian-gcc | 0.8.0 | 8.11 | 87.63 | 95.74 | OK | |
r-devel-linux-x86_64-fedora-clang | 0.8.0 | 164.83 | NOTE | |||
r-devel-linux-x86_64-fedora-gcc | 0.8.0 | 150.11 | NOTE | |||
r-patched-linux-x86_64 | 0.8.0 | 19.30 | 112.56 | 131.86 | OK | |
r-release-linux-x86_64 | 0.8.0 | 9.60 | 114.57 | 124.17 | OK | |
r-release-macos-arm64 | 0.8.0 | 40.00 | NOTE | |||
r-release-macos-x86_64 | 0.8.0 | 78.00 | NOTE | |||
r-release-windows-x86_64 | 0.8.0 | 41.00 | 156.00 | 197.00 | OK | |
r-oldrel-macos-arm64 | 0.8.0 | 61.00 | NOTE | |||
r-oldrel-macos-x86_64 | 0.8.0 | 58.00 | NOTE | |||
r-oldrel-windows-ix86+x86_64 | 0.8.0 | 28.00 | 156.00 | 184.00 | OK |
Version: 0.8.0
Check: dependencies in R code
Result: NOTE
Namespaces in Imports field not imported from:
‘FactoMineR’ ‘flextable’ ‘htmlTable’ ‘stringr’
All declared Imports should be used.
Flavors: r-devel-linux-x86_64-fedora-clang, r-devel-linux-x86_64-fedora-gcc, r-release-macos-arm64, r-release-macos-x86_64, r-oldrel-macos-arm64, r-oldrel-macos-x86_64
Version: 0.8.0
Check: data for non-ASCII characters
Result: NOTE
Note: found 938 marked UTF-8 strings
Flavors: r-devel-linux-x86_64-fedora-clang, r-devel-linux-x86_64-fedora-gcc, r-release-macos-arm64, r-release-macos-x86_64, r-oldrel-macos-arm64, r-oldrel-macos-x86_64