Last updated on 2023-02-07 21:54:30 CET.
Flavor | Version | Tinstall | Tcheck | Ttotal | Status | Flags |
---|---|---|---|---|---|---|
r-devel-linux-x86_64-debian-clang | 0.1.1 | 41.22 | 53.30 | 94.52 | NOTE | |
r-devel-linux-x86_64-debian-gcc | 0.1.1 | 32.21 | 40.82 | 73.03 | NOTE | |
r-devel-linux-x86_64-fedora-clang | 0.1.1 | 128.83 | NOTE | |||
r-devel-linux-x86_64-fedora-gcc | 0.1.1 | 140.07 | NOTE | |||
r-devel-windows-x86_64 | 0.1.1 | 64.00 | 107.00 | 171.00 | NOTE | |
r-patched-linux-x86_64 | 0.1.1 | 34.99 | 50.63 | 85.62 | OK | |
r-release-linux-x86_64 | 0.1.1 | 27.99 | 47.65 | 75.64 | OK | |
r-release-macos-arm64 | 0.1.1 | 35.00 | OK | |||
r-release-macos-x86_64 | 0.1.1 | 46.00 | OK | |||
r-release-windows-x86_64 | 0.1.1 | 56.00 | 107.00 | 163.00 | OK | |
r-oldrel-macos-arm64 | 0.1.1 | 34.00 | OK | |||
r-oldrel-macos-x86_64 | 0.1.1 | 51.00 | OK | |||
r-oldrel-windows-ix86+x86_64 | 0.1.1 | 103.00 | 99.00 | 202.00 | OK |
Version: 0.1.1
Check: C++ specification
Result: NOTE
Specified C++11: please update to current default of C++17
Flavors: r-devel-linux-x86_64-debian-clang, r-devel-linux-x86_64-debian-gcc, r-devel-linux-x86_64-fedora-clang, r-devel-windows-x86_64
Version: 0.1.1
Check: C++ specification
Result: NOTE
Specified C++11: please drop specification unless essential
Flavor: r-devel-linux-x86_64-fedora-gcc