CRAN Package Check Results for Package snplinkage

Last updated on 2024-03-03 08:52:46 CET.

Flavor Version Tinstall Tcheck Ttotal Status Flags
r-devel-linux-x86_64-debian-clang 1.0.0 21.19 318.64 339.83 OK
r-devel-linux-x86_64-debian-gcc 1.0.0 18.12 234.21 252.33 OK
r-devel-linux-x86_64-fedora-clang 1.0.0 331.72 OK
r-devel-linux-x86_64-fedora-gcc 1.0.0 436.61 OK
r-devel-windows-x86_64 1.0.0 22.00 247.00 269.00 OK
r-patched-linux-x86_64 1.0.0 20.69 307.07 327.76 OK
r-release-linux-x86_64 1.0.0 18.52 309.78 328.30 OK
r-release-macos-arm64 1.0.0 9.00 ERROR
r-release-macos-x86_64 1.0.0 7.00 ERROR
r-release-windows-x86_64 1.0.0 27.00 297.00 324.00 OK
r-oldrel-macos-arm64 1.0.0 10.00 ERROR
r-oldrel-windows-x86_64 1.0.0 30.00 304.00 334.00 OK

Check Details

Version: 1.0.0
Check: package dependencies
Result: ERROR Package required but not available: ‘GWASTools’ See section ‘The DESCRIPTION file’ in the ‘Writing R Extensions’ manual. Flavors: r-release-macos-arm64, r-release-macos-x86_64, r-oldrel-macos-arm64