CRAN Package Check Results for Package snowFT

Last updated on 2020-12-01 19:48:28 CET.

Flavor Version Tinstall Tcheck Ttotal Status Flags
r-devel-linux-x86_64-debian-clang 1.6-0 3.20 18.32 21.52 OK
r-devel-linux-x86_64-debian-gcc 1.6-0 2.05 16.07 18.12 OK
r-devel-linux-x86_64-fedora-clang 1.6-0 49.13 OK
r-devel-linux-x86_64-fedora-gcc 1.6-0 38.69 OK
r-devel-windows-ix86+x86_64 1.6-0 6.00 44.00 50.00 OK
r-patched-linux-x86_64 1.6-0 2.99 17.75 20.74 OK
r-patched-solaris-x86 1.6-0 84.40 OK
r-release-linux-x86_64 1.6-0 2.61 17.59 20.20 OK
r-release-macos-x86_64 1.6-0 NOTE
r-release-windows-ix86+x86_64 1.6-0 6.00 42.00 48.00 OK
r-oldrel-macos-x86_64 1.6-0 NOTE
r-oldrel-windows-ix86+x86_64 1.6-0 5.00 44.00 49.00 OK

Check Details

Version: 1.6-0
Check: package dependencies
Result: NOTE
    Package suggested but not available for checking: ‘Rmpi’
Flavors: r-release-macos-x86_64, r-oldrel-macos-x86_64