CRAN Package Check Results for Package snow

Last updated on 2020-12-04 19:48:42 CET.

Flavor Version Tinstall Tcheck Ttotal Status Flags
r-devel-linux-x86_64-debian-clang 0.4-3 3.31 26.66 29.97 OK
r-devel-linux-x86_64-debian-gcc 0.4-3 2.60 23.99 26.59 OK
r-devel-linux-x86_64-fedora-clang 0.4-3 42.55 OK
r-devel-linux-x86_64-fedora-gcc 0.4-3 34.14 OK
r-devel-windows-ix86+x86_64 0.4-3 7.00 31.00 38.00 OK
r-patched-linux-x86_64 0.4-3 2.83 27.01 29.84 OK
r-patched-solaris-x86 0.4-3 47.80 OK
r-release-linux-x86_64 0.4-3 2.78 28.00 30.78 OK
r-release-macos-x86_64 0.4-3 NOTE
r-release-windows-ix86+x86_64 0.4-3 6.00 29.00 35.00 OK
r-oldrel-macos-x86_64 0.4-3 NOTE
r-oldrel-windows-ix86+x86_64 0.4-3 7.00 28.00 35.00 OK

Check Details

Version: 0.4-3
Check: package dependencies
Result: NOTE
    Package suggested but not available for checking: ‘Rmpi’
Flavors: r-release-macos-x86_64, r-oldrel-macos-x86_64