CRAN Package Check Results for Package snow

Last updated on 2019-09-19 09:48:03 CEST.

Flavor Version Tinstall Tcheck Ttotal Status Flags
r-devel-linux-x86_64-debian-clang 0.4-3 2.57 20.76 23.33 OK
r-devel-linux-x86_64-debian-gcc 0.4-3 2.07 16.80 18.87 OK
r-devel-linux-x86_64-fedora-clang 0.4-3 30.06 OK
r-devel-linux-x86_64-fedora-gcc 0.4-3 29.45 OK
r-devel-windows-ix86+x86_64 0.4-3 6.00 33.00 39.00 OK
r-patched-linux-x86_64 0.4-3 2.22 20.93 23.15 OK
r-patched-solaris-x86 0.4-3 44.10 OK
r-release-linux-x86_64 0.4-3 2.42 21.02 23.44 OK
r-release-windows-ix86+x86_64 0.4-3 5.00 48.00 53.00 OK
r-release-osx-x86_64 0.4-3 NOTE
r-oldrel-windows-ix86+x86_64 0.4-3 4.00 52.00 56.00 OK
r-oldrel-osx-x86_64 0.4-3 NOTE

Check Details

Version: 0.4-3
Check: package dependencies
Result: NOTE
    Package suggested but not available for checking: ‘Rmpi’
Flavors: r-release-osx-x86_64, r-oldrel-osx-x86_64