CRAN Package Check Results for Package snow

Last updated on 2020-02-27 09:49:49 CET.

Flavor Version Tinstall Tcheck Ttotal Status Flags
r-devel-linux-x86_64-debian-clang 0.4-3 2.89 23.25 26.14 OK
r-devel-linux-x86_64-debian-gcc 0.4-3 2.00 18.26 20.26 OK
r-devel-linux-x86_64-fedora-clang 0.4-3 33.40 OK
r-devel-linux-x86_64-fedora-gcc 0.4-3 31.26 OK
r-devel-windows-ix86+x86_64 0.4-3 5.00 33.00 38.00 OK
r-devel-windows-ix86+x86_64-gcc8 0.4-3 7.00 36.00 43.00 OK
r-patched-linux-x86_64 0.4-3 2.29 21.02 23.31 OK
r-patched-solaris-x86 0.4-3 45.10 OK
r-release-linux-x86_64 0.4-3 2.14 21.14 23.28 OK
r-release-windows-ix86+x86_64 0.4-3 7.00 28.00 35.00 OK
r-release-osx-x86_64 0.4-3 NOTE
r-oldrel-windows-ix86+x86_64 0.4-3 3.00 28.00 31.00 OK
r-oldrel-osx-x86_64 0.4-3 NOTE

Check Details

Version: 0.4-3
Check: package dependencies
Result: NOTE
    Package suggested but not available for checking: ‘Rmpi’
Flavors: r-release-osx-x86_64, r-oldrel-osx-x86_64