CRAN Package Check Results for Package snotelr

Last updated on 2022-05-16 21:50:32 CEST.

Flavor Version Tinstall Tcheck Ttotal Status Flags
r-devel-linux-x86_64-debian-clang 1.0.4 4.76 59.54 64.30 NOTE
r-devel-linux-x86_64-debian-gcc 1.0.4 4.14 45.39 49.53 NOTE
r-devel-linux-x86_64-fedora-clang 1.0.4 78.63 NOTE
r-devel-linux-x86_64-fedora-gcc 1.0.4 76.33 NOTE
r-devel-windows-x86_64 1.0.4 14.00 80.00 94.00 NOTE
r-patched-linux-x86_64 1.0.4 5.51 57.90 63.41 NOTE
r-release-linux-x86_64 1.0.4 4.90 56.97 61.87 NOTE
r-release-macos-arm64 1.0.4 24.00 NOTE
r-release-macos-x86_64 1.0.4 45.00 NOTE
r-release-windows-x86_64 1.0.4 18.00 81.00 99.00 NOTE
r-oldrel-macos-arm64 1.0.4 29.00 NOTE
r-oldrel-macos-x86_64 1.0.4 46.00 NOTE
r-oldrel-windows-ix86+x86_64 1.0.4 14.00 71.00 85.00 NOTE

Check Details

Version: 1.0.4
Check: LazyData
Result: NOTE
     'LazyData' is specified without a 'data' directory
Flavors: r-devel-linux-x86_64-debian-clang, r-devel-linux-x86_64-debian-gcc, r-devel-linux-x86_64-fedora-clang, r-devel-linux-x86_64-fedora-gcc, r-devel-windows-x86_64, r-patched-linux-x86_64, r-release-linux-x86_64, r-release-macos-arm64, r-release-macos-x86_64, r-release-windows-x86_64, r-oldrel-macos-arm64, r-oldrel-macos-x86_64, r-oldrel-windows-ix86+x86_64