CRAN Package Check Results for Package snfa

Last updated on 2019-10-21 09:51:26 CEST.

Flavor Version Tinstall Tcheck Ttotal Status Flags
r-devel-linux-x86_64-debian-clang 0.0.1 2.29 36.38 38.67 OK
r-devel-linux-x86_64-debian-gcc 0.0.1 2.10 27.84 29.94 OK
r-devel-linux-x86_64-fedora-clang 0.0.1 48.30 NOTE
r-devel-linux-x86_64-fedora-gcc 0.0.1 45.66 NOTE
r-devel-windows-ix86+x86_64 0.0.1 7.00 64.00 71.00 OK
r-patched-linux-x86_64 0.0.1 2.32 36.10 38.42 OK
r-patched-solaris-x86 0.0.1 70.70 NOTE
r-release-linux-x86_64 0.0.1 1.96 35.95 37.91 OK
r-release-windows-ix86+x86_64 0.0.1 9.00 44.00 53.00 OK
r-release-osx-x86_64 0.0.1 NOTE
r-oldrel-windows-ix86+x86_64 0.0.1 3.00 40.00 43.00 OK
r-oldrel-osx-x86_64 0.0.1 NOTE

Check Details

Version: 0.0.1
Check: dependencies in R code
Result: NOTE
    Namespaces in Imports field not imported from:
     ‘Rdpack’ ‘ggplot2’
     All declared Imports should be used.
Flavors: r-devel-linux-x86_64-fedora-clang, r-devel-linux-x86_64-fedora-gcc, r-patched-solaris-x86, r-release-osx-x86_64, r-oldrel-osx-x86_64