Last updated on 2023-11-30 08:50:10 CET.
Flavor | Version | Tinstall | Tcheck | Ttotal | Status | Flags |
---|---|---|---|---|---|---|
r-devel-linux-x86_64-debian-clang | 2.7-1 | 26.40 | 173.26 | 199.66 | WARN | |
r-devel-linux-x86_64-debian-gcc | 2.7-1 | 24.43 | 123.11 | 147.54 | WARN | |
r-devel-linux-x86_64-fedora-clang | 2.7-1 | 243.06 | WARN | |||
r-devel-linux-x86_64-fedora-gcc | 2.7-1 | 253.45 | WARN | |||
r-devel-windows-x86_64 | 2.7-1 | 32.00 | 162.00 | 194.00 | WARN | |
r-patched-linux-x86_64 | 2.7-1 | 28.61 | 160.10 | 188.71 | OK | |
r-release-linux-x86_64 | 2.7-1 | 25.58 | 162.58 | 188.16 | OK | |
r-release-macos-arm64 | 2.7-1 | 66.00 | OK | |||
r-release-macos-x86_64 | 2.7-1 | 103.00 | OK | |||
r-release-windows-x86_64 | 2.7-1 | 41.00 | 203.00 | 244.00 | OK | |
r-oldrel-macos-arm64 | 2.7-1 | 48.00 | OK | |||
r-oldrel-macos-x86_64 | 2.7-1 | 75.00 | OK | |||
r-oldrel-windows-x86_64 | 2.7-1 | 41.00 | 185.00 | 226.00 | OK |
Version: 2.7-1
Check: whether package can be installed
Result: WARN
Found the following significant warnings:
paths.c:152:179: warning: format specifies type 'int' but the argument has type 'unsigned long' [-Wformat]
paths.c:165:174: warning: format specifies type 'int' but the argument has type 'unsigned long' [-Wformat]
paths.c:243:103: warning: format specifies type 'int' but the argument has type 'unsigned long' [-Wformat]
paths.c:252:100: warning: format specifies type 'int' but the argument has type 'unsigned long' [-Wformat]
paths.c:322:98: warning: format specifies type 'int' but the argument has type 'unsigned long' [-Wformat]
paths.c:331:100: warning: format specifies type 'int' but the argument has type 'unsigned long' [-Wformat]
See ‘/home/hornik/tmp/R.check/r-devel-clang/Work/PKGS/sna.Rcheck/00install.out’ for details.
* used C compiler: ‘Debian clang version 17.0.5 (1)’
Flavor: r-devel-linux-x86_64-debian-clang
Version: 2.7-1
Check: whether package can be installed
Result: WARN
Found the following significant warnings:
paths.c:152:38: warning: format ‘%d’ expects argument of type ‘int’, but argument 2 has type ‘long unsigned int’ [-Wformat=]
paths.c:165:38: warning: format ‘%d’ expects argument of type ‘int’, but argument 2 has type ‘long unsigned int’ [-Wformat=]
paths.c:243:34: warning: format ‘%d’ expects argument of type ‘int’, but argument 2 has type ‘long unsigned int’ [-Wformat=]
paths.c:252:36: warning: format ‘%d’ expects argument of type ‘int’, but argument 2 has type ‘long unsigned int’ [-Wformat=]
paths.c:322:34: warning: format ‘%d’ expects argument of type ‘int’, but argument 2 has type ‘long unsigned int’ [-Wformat=]
paths.c:331:36: warning: format ‘%d’ expects argument of type ‘int’, but argument 2 has type ‘long unsigned int’ [-Wformat=]
See ‘/home/hornik/tmp/R.check/r-devel-gcc/Work/PKGS/sna.Rcheck/00install.out’ for details.
* used C compiler: ‘gcc-13 (Debian 13.2.0-5) 13.2.0’
Flavor: r-devel-linux-x86_64-debian-gcc
Version: 2.7-1
Check: whether package can be installed
Result: WARN
Found the following significant warnings:
paths.c:152:179: warning: format specifies type 'int' but the argument has type 'unsigned long' [-Wformat]
paths.c:165:174: warning: format specifies type 'int' but the argument has type 'unsigned long' [-Wformat]
paths.c:243:103: warning: format specifies type 'int' but the argument has type 'unsigned long' [-Wformat]
paths.c:252:100: warning: format specifies type 'int' but the argument has type 'unsigned long' [-Wformat]
paths.c:322:98: warning: format specifies type 'int' but the argument has type 'unsigned long' [-Wformat]
paths.c:331:100: warning: format specifies type 'int' but the argument has type 'unsigned long' [-Wformat]
See ‘/data/gannet/ripley/R/packages/tests-clang/sna.Rcheck/00install.out’ for details.
* used C compiler: ‘clang version 17.0.5’
Flavor: r-devel-linux-x86_64-fedora-clang
Version: 2.7-1
Check: whether package can be installed
Result: WARN
Found the following significant warnings:
paths.c:152:38: warning: format '%d' expects argument of type 'int', but argument 2 has type 'long unsigned int' [-Wformat=]
paths.c:165:38: warning: format '%d' expects argument of type 'int', but argument 2 has type 'long unsigned int' [-Wformat=]
paths.c:243:34: warning: format '%d' expects argument of type 'int', but argument 2 has type 'long unsigned int' [-Wformat=]
paths.c:252:36: warning: format '%d' expects argument of type 'int', but argument 2 has type 'long unsigned int' [-Wformat=]
paths.c:322:34: warning: format '%d' expects argument of type 'int', but argument 2 has type 'long unsigned int' [-Wformat=]
paths.c:331:36: warning: format '%d' expects argument of type 'int', but argument 2 has type 'long unsigned int' [-Wformat=]
See ‘/data/gannet/ripley/R/packages/tests-devel/sna.Rcheck/00install.out’ for details.
* used C compiler: ‘gcc-13 (GCC) 13.2.0’
Flavor: r-devel-linux-x86_64-fedora-gcc
Version: 2.7-1
Check: whether package can be installed
Result: WARN
Found the following significant warnings:
paths.c:152:38: warning: format '%d' expects argument of type 'int', but argument 2 has type 'long long unsigned int' [-Wformat=]
paths.c:165:38: warning: format '%d' expects argument of type 'int', but argument 2 has type 'long long unsigned int' [-Wformat=]
paths.c:243:34: warning: format '%d' expects argument of type 'int', but argument 2 has type 'long long unsigned int' [-Wformat=]
paths.c:252:36: warning: format '%d' expects argument of type 'int', but argument 2 has type 'long long unsigned int' [-Wformat=]
paths.c:322:34: warning: format '%d' expects argument of type 'int', but argument 2 has type 'long long unsigned int' [-Wformat=]
paths.c:331:36: warning: format '%d' expects argument of type 'int', but argument 2 has type 'long long unsigned int' [-Wformat=]
See 'd:/Rcompile/CRANpkg/local/4.4/sna.Rcheck/00install.out' for details.
* used C compiler: 'gcc.exe (GCC) 12.3.0'
Flavor: r-devel-windows-x86_64