CRAN Package Check Results for Package snSMART

Last updated on 2023-02-07 21:54:30 CET.

Flavor Version Tinstall Tcheck Ttotal Status Flags
r-devel-linux-x86_64-debian-clang 0.2.2 9.81 82.68 92.49 OK
r-devel-linux-x86_64-debian-gcc 0.2.2 6.45 59.79 66.24 OK
r-devel-linux-x86_64-fedora-clang 0.2.2 109.65 OK
r-devel-linux-x86_64-fedora-gcc 0.2.2 108.70 OK
r-devel-windows-x86_64 0.2.2 18.00 108.00 126.00 OK
r-patched-linux-x86_64 0.2.2 7.44 80.64 88.08 OK
r-release-linux-x86_64 0.2.2 7.18 79.17 86.35 OK
r-release-macos-arm64 0.2.2 42.00 OK
r-release-macos-x86_64 0.2.2 48.00 OK
r-release-windows-x86_64 0.2.2 22.00 119.00 141.00 OK
r-oldrel-macos-arm64 0.2.2 39.00 OK
r-oldrel-macos-x86_64 0.2.2 51.00 OK
r-oldrel-windows-ix86+x86_64 0.2.2 19.00 116.00 135.00 ERROR

Check Details

Version: 0.2.2
Check: PDF version of manual
Result: WARN
    LaTeX errors when creating PDF version.
    This typically indicates Rd problems.
    LaTeX errors found:
    ! Package inputenc Error: Unicode char รข<c2><80><c2><90> (U+2010)
    (inputenc) not set up for use with LaTeX.
    
    See the inputenc package documentation for explanation.
    Type H <return> for immediate help.
Flavor: r-oldrel-windows-ix86+x86_64

Version: 0.2.2
Check: PDF version of manual without hyperrefs or index
Result: ERROR
Flavor: r-oldrel-windows-ix86+x86_64