Last updated on 2022-05-18 09:54:14 CEST.
Flavor | Version | Tinstall | Tcheck | Ttotal | Status | Flags |
---|---|---|---|---|---|---|
r-devel-linux-x86_64-debian-clang | 0.3 | 12.12 | 141.27 | 153.39 | NOTE | |
r-devel-linux-x86_64-debian-gcc | 0.3 | 8.43 | 104.84 | 113.27 | NOTE | |
r-devel-linux-x86_64-fedora-clang | 0.3 | 173.21 | NOTE | |||
r-devel-linux-x86_64-fedora-gcc | 0.3 | 175.62 | NOTE | |||
r-devel-windows-x86_64 | 0.3 | 36.00 | 148.00 | 184.00 | NOTE | |
r-patched-linux-x86_64 | 0.3 | 10.82 | 130.90 | 141.72 | NOTE | |
r-release-linux-x86_64 | 0.3 | 11.10 | 129.73 | 140.83 | NOTE | |
r-release-macos-arm64 | 0.3 | 68.00 | NOTE | |||
r-release-macos-x86_64 | 0.3 | 66.00 | NOTE | |||
r-release-windows-x86_64 | 0.3 | 35.00 | 143.00 | 178.00 | NOTE | |
r-oldrel-macos-arm64 | 0.3 | 60.00 | NOTE | |||
r-oldrel-macos-x86_64 | 0.3 | 106.00 | NOTE | |||
r-oldrel-windows-ix86+x86_64 | 0.3 | 25.00 | 139.00 | 164.00 | NOTE |
Version: 0.3
Check: LazyData
Result: NOTE
'LazyData' is specified without a 'data' directory
Flavors: r-devel-linux-x86_64-debian-clang, r-devel-linux-x86_64-debian-gcc, r-devel-linux-x86_64-fedora-clang, r-devel-linux-x86_64-fedora-gcc, r-devel-windows-x86_64, r-patched-linux-x86_64, r-release-linux-x86_64, r-release-macos-arm64, r-release-macos-x86_64, r-release-windows-x86_64, r-oldrel-macos-arm64, r-oldrel-macos-x86_64, r-oldrel-windows-ix86+x86_64
Version: 0.3
Check: dependencies in R code
Result: NOTE
Namespaces in Imports field not imported from:
‘compiler’ ‘lmtest’
All declared Imports should be used.
Flavors: r-devel-linux-x86_64-fedora-clang, r-devel-linux-x86_64-fedora-gcc, r-release-macos-arm64, r-release-macos-x86_64, r-oldrel-macos-arm64, r-oldrel-macos-x86_64