CRAN Package Check Results for Package smoof

Last updated on 2021-10-27 08:56:19 CEST.

Flavor Version Tinstall Tcheck Ttotal Status Flags
r-devel-linux-x86_64-debian-clang 1.6.0.2 75.34 111.66 187.00 NOTE
r-devel-linux-x86_64-debian-gcc 1.6.0.2 58.26 82.09 140.35 NOTE
r-devel-linux-x86_64-fedora-clang 1.6.0.2 281.78 NOTE
r-devel-linux-x86_64-fedora-gcc 1.6.0.2 254.43 NOTE
r-devel-windows-x86_64 1.6.0.2 114.00 106.00 220.00 NOTE
r-devel-windows-x86_64-gcc10-UCRT 1.6.0.2 NOTE
r-patched-linux-x86_64 1.6.0.2 73.35 105.28 178.63 NOTE
r-patched-solaris-x86 1.6.0.2 281.60 NOTE
r-release-linux-x86_64 1.6.0.2 69.68 105.62 175.30 NOTE
r-release-macos-arm64 1.6.0.2 NOTE
r-release-macos-x86_64 1.6.0.2 NOTE
r-release-windows-ix86+x86_64 1.6.0.2 149.00 199.00 348.00 NOTE
r-oldrel-macos-x86_64 1.6.0.2 NOTE
r-oldrel-windows-ix86+x86_64 1.6.0.2 212.00 191.00 403.00 NOTE

Check Details

Version: 1.6.0.2
Check: package dependencies
Result: NOTE
    Package suggested but not available for checking: 'rPython'
Flavors: r-devel-linux-x86_64-debian-clang, r-devel-linux-x86_64-debian-gcc, r-devel-linux-x86_64-fedora-clang, r-devel-linux-x86_64-fedora-gcc, r-devel-windows-x86_64, r-devel-windows-x86_64-gcc10-UCRT, r-patched-linux-x86_64, r-patched-solaris-x86, r-release-linux-x86_64, r-release-macos-arm64, r-release-macos-x86_64, r-release-windows-ix86+x86_64, r-oldrel-macos-x86_64, r-oldrel-windows-ix86+x86_64

Version: 1.6.0.2
Check: LazyData
Result: NOTE
     'LazyData' is specified without a 'data' directory
Flavors: r-devel-linux-x86_64-debian-clang, r-devel-linux-x86_64-debian-gcc, r-devel-linux-x86_64-fedora-clang, r-devel-linux-x86_64-fedora-gcc, r-devel-windows-x86_64, r-devel-windows-x86_64-gcc10-UCRT, r-patched-linux-x86_64, r-patched-solaris-x86, r-release-linux-x86_64, r-release-macos-arm64, r-release-macos-x86_64, r-release-windows-ix86+x86_64