CRAN Package Check Results for Package smd

Last updated on 2021-11-28 07:50:57 CET.

Flavor Version Tinstall Tcheck Ttotal Status Flags
r-devel-linux-x86_64-debian-clang 0.6.6 NOTE
r-devel-linux-x86_64-debian-gcc 0.6.6 1.92 21.93 23.85 NOTE
r-devel-linux-x86_64-fedora-clang 0.6.6 49.25 NOTE
r-devel-linux-x86_64-fedora-gcc 0.6.6 36.64 NOTE
r-devel-windows-x86_64-new-UL 0.6.6 8.00 66.00 74.00 NOTE
r-devel-windows-x86_64-new-TK 0.6.6 NOTE
r-devel-windows-x86_64-old 0.6.6 5.00 49.00 54.00 NOTE
r-patched-linux-x86_64 0.6.6 3.07 25.77 28.84 NOTE
r-patched-solaris-x86 0.6.6 56.90 NOTE
r-release-linux-x86_64 0.6.6 2.45 25.82 28.27 NOTE
r-release-macos-arm64 0.6.6 NOTE
r-release-macos-x86_64 0.6.6 NOTE
r-release-windows-ix86+x86_64 0.6.6 7.00 35.00 42.00 NOTE
r-oldrel-macos-x86_64 0.6.6 NOTE
r-oldrel-windows-ix86+x86_64 0.6.6 5.00 46.00 51.00 OK

Check Details

Version: 0.6.6
Check: LazyData
Result: NOTE
     'LazyData' is specified without a 'data' directory
Flavors: r-devel-linux-x86_64-debian-clang, r-devel-linux-x86_64-debian-gcc, r-devel-linux-x86_64-fedora-clang, r-devel-linux-x86_64-fedora-gcc, r-devel-windows-x86_64-new-UL, r-devel-windows-x86_64-new-TK, r-devel-windows-x86_64-old, r-patched-linux-x86_64, r-patched-solaris-x86, r-release-linux-x86_64, r-release-macos-arm64, r-release-macos-x86_64, r-release-windows-ix86+x86_64

Version: 0.6.6
Check: dependencies in R code
Result: NOTE
    Namespace in Imports field not imported from: ‘methods’
     All declared Imports should be used.
Flavors: r-devel-linux-x86_64-fedora-clang, r-devel-linux-x86_64-fedora-gcc, r-devel-windows-x86_64-new-TK, r-patched-solaris-x86, r-release-macos-arm64, r-release-macos-x86_64, r-oldrel-macos-x86_64