CRAN Package Check Results for Package smartmap

Last updated on 2024-02-23 07:52:21 CET.

Flavor Version Tinstall Tcheck Ttotal Status Flags
r-devel-linux-x86_64-debian-clang 0.1.1 NOTE
r-devel-linux-x86_64-debian-gcc 0.1.1 4.04 48.15 52.19 NOTE
r-devel-linux-x86_64-fedora-clang 0.1.1 82.36 NOTE
r-devel-linux-x86_64-fedora-gcc 0.1.1 81.62 NOTE
r-devel-windows-x86_64 0.1.1 7.00 64.00 71.00 NOTE
r-patched-linux-x86_64 0.1.1 3.84 61.95 65.79 NOTE
r-release-linux-x86_64 0.1.1 3.29 61.82 65.11 NOTE
r-release-macos-arm64 0.1.1 30.00 NOTE
r-release-macos-x86_64 0.1.1 43.00 NOTE
r-release-windows-x86_64 0.1.1 8.00 75.00 83.00 NOTE
r-oldrel-macos-arm64 0.1.1 27.00 NOTE
r-oldrel-windows-x86_64 0.1.1 9.00 77.00 86.00 NOTE

Check Details

Version: 0.1.1
Check: package subdirectories
Result: NOTE Problems with news in ‘NEWS.md’: No news entries found. Flavors: r-devel-linux-x86_64-debian-clang, r-devel-linux-x86_64-debian-gcc, r-devel-linux-x86_64-fedora-clang, r-devel-linux-x86_64-fedora-gcc, r-devel-windows-x86_64, r-patched-linux-x86_64, r-release-linux-x86_64, r-release-macos-arm64, r-release-macos-x86_64, r-release-windows-x86_64

Version: 0.1.1
Check: LazyData
Result: NOTE 'LazyData' is specified without a 'data' directory Flavors: r-devel-linux-x86_64-debian-clang, r-devel-linux-x86_64-debian-gcc, r-devel-linux-x86_64-fedora-clang, r-devel-linux-x86_64-fedora-gcc, r-devel-windows-x86_64, r-patched-linux-x86_64, r-release-linux-x86_64, r-release-macos-arm64, r-release-macos-x86_64, r-release-windows-x86_64, r-oldrel-macos-arm64, r-oldrel-windows-x86_64