CRAN Package Check Results for Package slippymath

Last updated on 2024-02-22 19:55:45 CET.

Flavor Version Tinstall Tcheck Ttotal Status Flags
r-devel-linux-x86_64-debian-clang 0.3.1 NOTE
r-devel-linux-x86_64-debian-gcc 0.3.1 2.05 42.74 44.79 NOTE
r-devel-linux-x86_64-fedora-clang 0.3.1 71.70 NOTE
r-devel-linux-x86_64-fedora-gcc 0.3.1 83.55 NOTE
r-devel-windows-x86_64 0.3.1 4.00 69.00 73.00 NOTE
r-patched-linux-x86_64 0.3.1 2.46 56.37 58.83 NOTE
r-release-linux-x86_64 0.3.1 2.56 54.88 57.44 NOTE
r-release-macos-arm64 0.3.1 35.00 NOTE
r-release-macos-x86_64 0.3.1 52.00 NOTE
r-release-windows-x86_64 0.3.1 4.00 76.00 80.00 NOTE
r-oldrel-macos-arm64 0.3.1 25.00 NOTE
r-oldrel-windows-x86_64 0.3.1 4.00 79.00 83.00 NOTE

Check Details

Version: 0.3.1
Check: LazyData
Result: NOTE 'LazyData' is specified without a 'data' directory Flavors: r-devel-linux-x86_64-debian-clang, r-devel-linux-x86_64-debian-gcc, r-devel-linux-x86_64-fedora-clang, r-devel-linux-x86_64-fedora-gcc, r-devel-windows-x86_64, r-patched-linux-x86_64, r-release-linux-x86_64, r-release-macos-arm64, r-release-macos-x86_64, r-release-windows-x86_64, r-oldrel-macos-arm64, r-oldrel-windows-x86_64