CRAN Package Check Results for Package slfm

Last updated on 2019-12-07 08:49:43 CET.

Flavor Version Tinstall Tcheck Ttotal Status Flags
r-devel-linux-x86_64-debian-clang 1.0.0 59.70 28.56 88.26 WARN
r-devel-linux-x86_64-debian-gcc 1.0.0 39.78 22.67 62.45 WARN
r-devel-linux-x86_64-fedora-clang 1.0.0 114.82 WARN
r-devel-linux-x86_64-fedora-gcc 1.0.0 108.84 WARN
r-devel-windows-ix86+x86_64 1.0.0 120.00 80.00 200.00 WARN
r-devel-windows-ix86+x86_64-gcc8 1.0.0 115.00 90.00 205.00 WARN
r-patched-linux-x86_64 1.0.0 45.04 26.69 71.73 OK
r-patched-solaris-x86 1.0.0 112.40 OK
r-release-linux-x86_64 1.0.0 42.22 26.70 68.92 OK
r-release-windows-ix86+x86_64 1.0.0 132.00 56.00 188.00 OK
r-release-osx-x86_64 1.0.0 OK
r-oldrel-windows-ix86+x86_64 1.0.0 84.00 78.00 162.00 OK
r-oldrel-osx-x86_64 1.0.0 OK

Check Details

Version: 1.0.0
Check: whether package can be installed
Result: WARN
    Found the following significant warnings:
     slfm_MDN.cpp:26:38: warning: expression result unused [-Wunused-value]
     slfm_MNN.cpp:26:38: warning: expression result unused [-Wunused-value]
Flavors: r-devel-linux-x86_64-debian-clang, r-devel-linux-x86_64-fedora-clang

Version: 1.0.0
Check: whether package can be installed
Result: WARN
    Found the following significant warnings:
     slfm_MDN.cpp:26:38: warning: left operand of comma operator has no effect [-Wunused-value]
     slfm_MNN.cpp:26:38: warning: left operand of comma operator has no effect [-Wunused-value]
Flavors: r-devel-linux-x86_64-debian-gcc, r-devel-linux-x86_64-fedora-gcc

Version: 1.0.0
Check: whether package can be installed
Result: WARN
    Found the following significant warnings:
     slfm_MDN.cpp:26:40: warning: left operand of comma operator has no effect [-Wunused-value]
     slfm_MNN.cpp:26:40: warning: left operand of comma operator has no effect [-Wunused-value]
Flavors: r-devel-windows-ix86+x86_64, r-devel-windows-ix86+x86_64-gcc8