CRAN Package Check Results for Package skynet

Last updated on 2024-02-24 07:51:37 CET.

Flavor Version Tinstall Tcheck Ttotal Status Flags
r-devel-linux-x86_64-debian-clang 1.4.3 11.84 110.77 122.61 OK
r-devel-linux-x86_64-debian-gcc 1.4.3 9.78 81.47 91.25 OK
r-devel-linux-x86_64-fedora-clang 1.4.3 149.68 NOTE
r-devel-linux-x86_64-fedora-gcc 1.4.3 156.68 NOTE
r-devel-windows-x86_64 1.4.3 11.00 103.00 114.00 OK
r-patched-linux-x86_64 1.4.3 8.41 108.23 116.64 OK
r-release-linux-x86_64 1.4.3 7.54 106.49 114.03 OK
r-release-macos-arm64 1.4.3 51.00 OK
r-release-macos-x86_64 1.4.3 81.00 OK
r-release-windows-x86_64 1.4.3 14.00 125.00 139.00 OK
r-oldrel-macos-arm64 1.4.3 41.00 NOTE
r-oldrel-windows-x86_64 1.4.3 15.00 126.00 141.00 OK

Check Details

Version: 1.4.3
Check: dependencies in R code
Result: NOTE Namespace in Imports field not imported from: ‘maps’ All declared Imports should be used. Flavors: r-devel-linux-x86_64-fedora-clang, r-devel-linux-x86_64-fedora-gcc, r-oldrel-macos-arm64