Last updated on 2023-03-21 19:57:25 CET.
Flavor | Version | Tinstall | Tcheck | Ttotal | Status | Flags |
---|---|---|---|---|---|---|
r-devel-linux-x86_64-debian-clang | 1.1.19 | 6.58 | 107.97 | 114.55 | OK | |
r-devel-linux-x86_64-debian-gcc | 1.1.19 | 4.70 | 84.05 | 88.75 | OK | |
r-devel-linux-x86_64-fedora-clang | 1.1.19 | 134.95 | OK | |||
r-devel-linux-x86_64-fedora-gcc | 1.1.19 | 143.44 | OK | |||
r-patched-linux-x86_64 | 1.1.19 | 7.31 | 103.47 | 110.78 | OK | |
r-release-linux-x86_64 | 1.1.19 | 7.04 | 104.06 | 111.10 | OK | |
r-release-macos-arm64 | 1.1.19 | 31.00 | OK | |||
r-release-macos-x86_64 | 1.1.19 | 37.00 | OK | |||
r-release-windows-x86_64 | 1.1.19 | 75.00 | 141.00 | 216.00 | OK | |
r-oldrel-macos-arm64 | 1.1.19 | 32.00 | OK | |||
r-oldrel-macos-x86_64 | 1.1.19 | 40.00 | OK | |||
r-oldrel-windows-ix86+x86_64 | 1.1.19 | 15.00 | 141.00 | 156.00 | NOTE |
Version: 1.1.19
Check: dependencies in R code
Result: NOTE
Initiating curl with CURL_SSL_BACKEND: openssl
Flavor: r-oldrel-windows-ix86+x86_64