CRAN Package Check Results for Package sisal

Last updated on 2020-10-01 08:48:59 CEST.

Flavor Version Tinstall Tcheck Ttotal Status Flags
r-devel-linux-x86_64-debian-clang 0.48 15.09 135.48 150.57 OK
r-devel-linux-x86_64-debian-gcc 0.48 0.32 2.06 2.38 ERROR
r-devel-linux-x86_64-fedora-clang 0.48 189.39 OK
r-devel-linux-x86_64-fedora-gcc 0.48 181.11 OK
r-devel-windows-ix86+x86_64 0.48 33.00 120.00 153.00 OK
r-patched-linux-x86_64 0.48 16.10 123.87 139.97 OK
r-patched-solaris-x86 0.48 235.00 OK
r-release-linux-x86_64 0.48 15.84 124.73 140.57 OK
r-release-macos-x86_64 0.48 OK
r-release-windows-ix86+x86_64 0.48 31.00 157.00 188.00 OK
r-oldrel-macos-x86_64 0.48 OK
r-oldrel-windows-ix86+x86_64 0.48 28.00 146.00 174.00 OK

Check Details

Version: 0.48
Check: whether package can be installed
Result: ERROR
    Installation failed.
Flavor: r-devel-linux-x86_64-debian-gcc