CRAN Package Check Results for Package sindyr

Last updated on 2020-07-05 21:48:07 CEST.

Flavor Version Tinstall Tcheck Ttotal Status Flags
r-devel-linux-x86_64-debian-clang 0.2.3 2.70 31.34 34.04 OK
r-devel-linux-x86_64-debian-gcc 0.2.3 2.16 24.92 27.08 OK
r-devel-linux-x86_64-fedora-clang 0.2.3 49.56 NOTE
r-devel-linux-x86_64-fedora-gcc 0.2.3 40.88 NOTE
r-devel-windows-ix86+x86_64 0.2.3 10.00 47.00 57.00 OK
r-patched-linux-x86_64 0.2.3 2.73 31.02 33.75 OK
r-patched-solaris-x86 0.2.3 65.90 NOTE
r-release-linux-x86_64 0.2.3 2.66 31.26 33.92 OK
r-release-osx-x86_64 0.2.3 NOTE
r-release-windows-ix86+x86_64 0.2.3 8.00 46.00 54.00 OK
r-oldrel-osx-x86_64 0.2.3 NOTE
r-oldrel-windows-ix86+x86_64 0.2.3 27.00 62.00 89.00 OK

Check Details

Version: 0.2.3
Check: dependencies in R code
Result: NOTE
    Namespaces in Imports field not imported from:
     ‘crqa’ ‘plot3D’
     All declared Imports should be used.
Flavors: r-devel-linux-x86_64-fedora-clang, r-devel-linux-x86_64-fedora-gcc, r-patched-solaris-x86, r-release-osx-x86_64, r-oldrel-osx-x86_64