Last updated on 2022-08-07 09:54:10 CEST.
Flavor | Version | Tinstall | Tcheck | Ttotal | Status | Flags |
---|---|---|---|---|---|---|
r-devel-linux-x86_64-debian-clang | 6.3.0 | 26.98 | 271.47 | 298.45 | OK | |
r-devel-linux-x86_64-debian-gcc | 6.4.0 | 21.90 | 198.18 | 220.08 | OK | |
r-devel-linux-x86_64-fedora-clang | 6.4.0 | 366.13 | NOTE | |||
r-devel-linux-x86_64-fedora-gcc | 6.4.0 | 355.41 | OK | |||
r-devel-windows-x86_64 | 6.4.0 | 79.00 | 286.00 | 365.00 | OK | |
r-patched-linux-x86_64 | 6.4.0 | 18.10 | 247.21 | 265.31 | OK | |
r-release-linux-x86_64 | 6.3.0 | 21.00 | 245.58 | 266.58 | OK | |
r-release-macos-arm64 | 6.4.0 | 91.00 | OK | |||
r-release-macos-x86_64 | 6.3.0 | 127.00 | OK | |||
r-release-windows-x86_64 | 6.4.0 | 66.00 | 190.00 | 256.00 | OK | |
r-oldrel-macos-arm64 | 6.4.0 | 83.00 | OK | |||
r-oldrel-macos-x86_64 | 6.3.0 | 119.00 | OK | |||
r-oldrel-windows-ix86+x86_64 | 6.3.0 | 46.00 | 292.00 | 338.00 | OK |
Version: 6.4.0
Check: package dependencies
Result: NOTE
Imports includes 22 non-default packages.
Importing from so many packages makes the package vulnerable to any of
them becoming unavailable. Move as many as possible to Suggests and
use conditionally.
Flavor: r-devel-linux-x86_64-fedora-clang