CRAN Package Check Results for Package simodels

Last updated on 2024-02-29 07:52:49 CET.

Flavor Version Tinstall Tcheck Ttotal Status Flags
r-devel-linux-x86_64-debian-clang 0.0.5 3.68 96.39 100.07 OK
r-devel-linux-x86_64-debian-gcc 0.0.5 2.83 72.06 74.89 OK
r-devel-linux-x86_64-fedora-clang 0.0.5 127.66 NOTE
r-devel-linux-x86_64-fedora-gcc 0.0.5 142.05 NOTE
r-devel-windows-x86_64 0.0.5 5.00 92.00 97.00 OK
r-patched-linux-x86_64 0.0.5 3.27 92.66 95.93 OK
r-release-linux-x86_64 0.0.5 3.60 91.61 95.21 OK
r-release-macos-arm64 0.0.5 53.00 OK
r-release-macos-x86_64 0.0.5 84.00 OK
r-release-windows-x86_64 0.0.5 7.00 110.00 117.00 OK
r-oldrel-macos-arm64 0.0.5 42.00 NOTE
r-oldrel-windows-x86_64 0.0.5 7.00 115.00 122.00 OK

Check Details

Version: 0.0.5
Check: data for non-ASCII characters
Result: NOTE Note: found 1 marked UTF-8 string Flavors: r-devel-linux-x86_64-fedora-clang, r-devel-linux-x86_64-fedora-gcc, r-oldrel-macos-arm64