Last updated on 2023-03-31 08:54:13 CEST.
Flavor | Version | Tinstall | Tcheck | Ttotal | Status | Flags |
---|---|---|---|---|---|---|
r-devel-linux-x86_64-debian-clang | 0.1.0 | 10.00 | 92.40 | 102.40 | NOTE | |
r-devel-linux-x86_64-debian-gcc | 0.1.0 | 8.62 | 67.81 | 76.43 | NOTE | |
r-devel-linux-x86_64-fedora-clang | 0.1.0 | 122.41 | NOTE | |||
r-devel-linux-x86_64-fedora-gcc | 0.1.0 | 131.70 | NOTE | |||
r-patched-linux-x86_64 | 0.1.0 | 10.12 | 85.98 | 96.10 | NOTE | |
r-release-linux-x86_64 | 0.1.0 | 10.92 | 83.91 | 94.83 | NOTE | |
r-release-macos-arm64 | 0.1.0 | 35.00 | NOTE | |||
r-release-macos-x86_64 | 0.1.0 | 77.00 | NOTE | |||
r-release-windows-x86_64 | 0.1.0 | 36.00 | 118.00 | 154.00 | NOTE | |
r-oldrel-macos-arm64 | 0.1.0 | 54.00 | NOTE | |||
r-oldrel-macos-x86_64 | 0.1.0 | 67.00 | NOTE | |||
r-oldrel-windows-ix86+x86_64 | 0.1.0 | 22.00 | 114.00 | 136.00 | NOTE |
Version: 0.1.0
Check: Rd files
Result: NOTE
checkRd: (-1) chol_s2Dp.Rd:147: Escaped LaTeX specials: \&
checkRd: (-1) chol_s2Dp.Rd:149: Escaped LaTeX specials: \&
checkRd: (-1) precision_builder.Rd:87: Escaped LaTeX specials: \&
checkRd: (-1) sim2D_RandSet_HPPP.Rd:93: Escaped LaTeX specials: \&
checkRd: (-1) sim2D_binarymap.Rd:157: Escaped LaTeX specials: \&
checkRd: (-1) sim_MVN_X.Rd:140: Escaped LaTeX specials: \&
checkRd: (-1) sim_Y_Binary_X.Rd:221: Escaped LaTeX specials: \&
checkRd: (-1) sim_Y_Binary_X.Rd:223: Escaped LaTeX specials: \&
checkRd: (-1) sim_Y_MVN_X.Rd:213: Escaped LaTeX specials: \&
Flavors: r-devel-linux-x86_64-debian-clang, r-devel-linux-x86_64-debian-gcc, r-devel-linux-x86_64-fedora-clang, r-devel-linux-x86_64-fedora-gcc, r-patched-linux-x86_64
Version: 0.1.0
Check: LazyData
Result: NOTE
'LazyData' is specified without a 'data' directory
Flavors: r-devel-linux-x86_64-debian-clang, r-devel-linux-x86_64-debian-gcc, r-devel-linux-x86_64-fedora-clang, r-devel-linux-x86_64-fedora-gcc, r-patched-linux-x86_64, r-release-linux-x86_64, r-release-macos-arm64, r-release-macos-x86_64, r-release-windows-x86_64, r-oldrel-macos-arm64, r-oldrel-macos-x86_64, r-oldrel-windows-ix86+x86_64
Version: 0.1.0
Check: dependencies in R code
Result: NOTE
Namespaces in Imports field not imported from:
‘car’ ‘ggplot2’ ‘magrittr’ ‘tidyverse’
All declared Imports should be used.
Flavors: r-devel-linux-x86_64-fedora-clang, r-devel-linux-x86_64-fedora-gcc, r-release-macos-arm64, r-release-macos-x86_64, r-oldrel-macos-arm64, r-oldrel-macos-x86_64