CRAN Package Check Results for Package signmedian.test

Last updated on 2021-12-02 08:51:23 CET.

Flavor Version Tinstall Tcheck Ttotal Status Flags
r-devel-linux-x86_64-debian-clang 1.5.1 1.83 19.25 21.08 NOTE
r-devel-linux-x86_64-debian-gcc 1.5.1 1.31 15.34 16.65 NOTE
r-devel-linux-x86_64-fedora-clang 1.5.1 37.53 NOTE
r-devel-linux-x86_64-fedora-gcc 1.5.1 25.87 NOTE
r-devel-windows-x86_64-new-UL 1.5.1 6.00 46.00 52.00 NOTE
r-devel-windows-x86_64-new-TK 1.5.1 NOTE
r-devel-windows-x86_64-old 1.5.1 4.00 26.00 30.00 NOTE
r-patched-linux-x86_64 1.5.1 1.53 18.58 20.11 NOTE
r-patched-solaris-x86 1.5.1 40.40 NOTE
r-release-linux-x86_64 1.5.1 1.58 18.36 19.94 NOTE
r-release-macos-arm64 1.5.1 NOTE
r-release-macos-x86_64 1.5.1 NOTE
r-release-windows-ix86+x86_64 1.5.1 4.00 26.00 30.00 NOTE
r-oldrel-macos-x86_64 1.5.1 NOTE
r-oldrel-windows-ix86+x86_64 1.5.1 4.00 24.00 28.00 NOTE

Check Details

Version: 1.5.1
Check: R code for possible problems
Result: NOTE
    signmedian.test: no visible global function definition for 'median'
    signmedian.test: no visible global function definition for 'binom.test'
    signmedian.test: no visible global function definition for 'pbinom'
    signmedian.test: no visible global function definition for 'pnorm'
    Undefined global functions or variables:
     binom.test median pbinom pnorm
    Consider adding
     importFrom("stats", "binom.test", "median", "pbinom", "pnorm")
    to your NAMESPACE file.
Flavors: r-devel-linux-x86_64-debian-clang, r-devel-linux-x86_64-debian-gcc, r-devel-linux-x86_64-fedora-clang, r-devel-linux-x86_64-fedora-gcc, r-devel-windows-x86_64-new-UL, r-devel-windows-x86_64-new-TK, r-devel-windows-x86_64-old, r-patched-linux-x86_64, r-patched-solaris-x86, r-release-linux-x86_64, r-release-macos-arm64, r-release-macos-x86_64, r-release-windows-ix86+x86_64, r-oldrel-macos-x86_64, r-oldrel-windows-ix86+x86_64