CRAN Package Check Results for Package sigminer

Last updated on 2022-09-28 08:51:31 CEST.

Flavor Version Tinstall Tcheck Ttotal Status Flags
r-devel-linux-x86_64-debian-clang 2.1.7 53.61 307.48 361.09 OK
r-devel-linux-x86_64-debian-gcc 2.1.7 43.12 218.83 261.95 OK
r-devel-linux-x86_64-fedora-clang 2.1.7 463.28 OK
r-devel-linux-x86_64-fedora-gcc 2.1.7 444.60 OK
r-devel-windows-x86_64 2.1.7 129.00 389.00 518.00 OK
r-patched-linux-x86_64 2.1.7 47.14 278.13 325.27 OK
r-release-linux-x86_64 2.1.7 45.24 273.42 318.66 OK
r-release-macos-arm64 2.1.7 74.00 NOTE
r-release-macos-x86_64 2.1.7 149.00 NOTE
r-release-windows-x86_64 2.1.7 138.00 612.00 750.00 OK
r-oldrel-macos-arm64 2.1.7 74.00 NOTE
r-oldrel-macos-x86_64 2.1.7 152.00 OK
r-oldrel-windows-ix86+x86_64 2.1.7 111.00 472.00 583.00 NOTE

Check Details

Version: 2.1.7
Check: package dependencies
Result: NOTE
    Packages suggested but not available for checking:
     'BSgenome.Hsapiens.UCSC.hg19', 'copynumber'
Flavor: r-release-macos-arm64

Version: 2.1.7
Check: package dependencies
Result: NOTE
    Package suggested but not available for checking: ‘BSgenome.Hsapiens.UCSC.hg19’
Flavor: r-release-macos-x86_64

Version: 2.1.7
Check: package dependencies
Result: NOTE
    Package suggested but not available for checking: ‘copynumber’
Flavor: r-oldrel-macos-arm64

Version: 2.1.7
Check: installed package size
Result: NOTE
     installed size is 5.8Mb
     sub-directories of 1Mb or more:
     libs 2.0Mb
Flavor: r-oldrel-windows-ix86+x86_64