Last updated on 2022-06-30 21:49:54 CEST.
Flavor | Version | Tinstall | Tcheck | Ttotal | Status | Flags |
---|---|---|---|---|---|---|
r-devel-linux-x86_64-debian-clang | 0.1.5 | 4.20 | 60.77 | 64.97 | OK | |
r-devel-linux-x86_64-debian-gcc | 0.1.5 | 4.32 | 45.83 | 50.15 | OK | |
r-devel-linux-x86_64-fedora-clang | 0.1.5 | 88.29 | NOTE | |||
r-devel-linux-x86_64-fedora-gcc | 0.1.5 | 89.31 | NOTE | |||
r-devel-windows-x86_64 | 0.1.5 | 213.00 | 93.00 | 306.00 | OK | |
r-patched-linux-x86_64 | 0.1.5 | 5.02 | 58.57 | 63.59 | OK | |
r-release-linux-x86_64 | 0.1.5 | 5.33 | 58.90 | 64.23 | OK | |
r-release-macos-arm64 | 0.1.5 | 25.00 | NOTE | |||
r-release-macos-x86_64 | 0.1.5 | 50.00 | NOTE | |||
r-release-windows-x86_64 | 0.1.5 | 68.00 | 94.00 | 162.00 | OK | |
r-oldrel-macos-arm64 | 0.1.5 | 31.00 | NOTE | |||
r-oldrel-macos-x86_64 | 0.1.5 | 45.00 | NOTE | |||
r-oldrel-windows-ix86+x86_64 | 0.1.5 | 14.00 | 83.00 | 97.00 | OK |
Version: 0.1.5
Check: data for non-ASCII characters
Result: NOTE
Note: found 28 marked UTF-8 strings
Flavors: r-devel-linux-x86_64-fedora-clang, r-devel-linux-x86_64-fedora-gcc, r-release-macos-arm64, r-release-macos-x86_64, r-oldrel-macos-arm64, r-oldrel-macos-x86_64