Last updated on 2023-01-26 19:49:39 CET.
Flavor | Version | Tinstall | Tcheck | Ttotal | Status | Flags |
---|---|---|---|---|---|---|
r-devel-linux-x86_64-debian-clang | 0.1.0 | 10.76 | 68.21 | 78.97 | OK | |
r-devel-linux-x86_64-debian-gcc | 0.1.0 | 8.16 | 50.87 | 59.03 | OK | |
r-devel-linux-x86_64-fedora-clang | 0.1.0 | 101.41 | NOTE | |||
r-devel-linux-x86_64-fedora-gcc | 0.1.0 | 111.87 | NOTE | |||
r-patched-linux-x86_64 | 0.1.0 | 6.23 | 66.55 | 72.78 | OK | |
r-release-linux-x86_64 | 0.1.0 | 7.23 | 66.34 | 73.57 | OK | |
r-release-macos-arm64 | 0.1.0 | 30.00 | NOTE | |||
r-release-macos-x86_64 | 0.1.0 | 58.00 | NOTE | |||
r-release-windows-x86_64 | 0.1.0 | 22.00 | 101.00 | 123.00 | OK | |
r-oldrel-macos-arm64 | 0.1.0 | 44.00 | NOTE | |||
r-oldrel-macos-x86_64 | 0.1.0 | 40.00 | NOTE | |||
r-oldrel-windows-ix86+x86_64 | 0.1.0 | 27.00 | 117.00 | 144.00 | OK |
Version: 0.1.0
Check: C++ specification
Result: NOTE
Specified C++11: please update to current default of C++17
Flavors: r-devel-linux-x86_64-fedora-clang, r-devel-linux-x86_64-fedora-gcc
Version: 0.1.0
Check: data for non-ASCII characters
Result: NOTE
Note: found 1231 marked UTF-8 strings
Flavors: r-devel-linux-x86_64-fedora-clang, r-devel-linux-x86_64-fedora-gcc, r-release-macos-arm64, r-release-macos-x86_64, r-oldrel-macos-arm64, r-oldrel-macos-x86_64