CRAN Package Check Results for Package showtext

Last updated on 2021-09-23 08:51:21 CEST.

Flavor Version Tinstall Tcheck Ttotal Status Flags
r-devel-linux-x86_64-debian-clang 0.9-4 5.76 32.31 38.07 OK
r-devel-linux-x86_64-debian-gcc 0.9-4 3.90 24.97 28.87 OK
r-devel-linux-x86_64-fedora-clang 0.9-4 55.85 OK
r-devel-linux-x86_64-fedora-gcc 0.9-4 45.67 OK
r-devel-windows-x86_64 0.9-4 10.00 43.00 53.00 OK
r-devel-windows-x86_64-gcc10-UCRT 0.9-4 ERROR
r-patched-linux-x86_64 0.9-4 5.14 31.18 36.32 OK
r-patched-solaris-x86 0.9-4 63.90 OK
r-release-linux-x86_64 0.9-4 4.75 31.49 36.24 OK
r-release-macos-arm64 0.9-4 OK
r-release-macos-x86_64 0.9-4 OK
r-release-windows-ix86+x86_64 0.9-4 21.00 49.00 70.00 OK
r-oldrel-macos-x86_64 0.9-4 OK
r-oldrel-windows-ix86+x86_64 0.9-4 15.00 50.00 65.00 OK

Check Details

Version: 0.9-4
Check: package dependencies
Result: ERROR
    Packages required but not available: 'sysfonts', 'showtextdb'
    
    See section 'The DESCRIPTION file' in the 'Writing R Extensions'
    manual.
Flavor: r-devel-windows-x86_64-gcc10-UCRT