CRAN Package Check Results for Package shinyobjects

Last updated on 2023-02-06 19:54:36 CET.

Flavor Version Tinstall Tcheck Ttotal Status Flags
r-devel-linux-x86_64-debian-clang 0.2.0 7.39 72.36 79.75 NOTE
r-devel-linux-x86_64-debian-gcc 0.2.0 6.00 54.20 60.20 NOTE
r-devel-linux-x86_64-fedora-clang 0.2.0 107.91 NOTE
r-devel-linux-x86_64-fedora-gcc 0.2.0 105.60 NOTE
r-devel-windows-x86_64 0.2.0 43.00 110.00 153.00 NOTE
r-patched-linux-x86_64 0.2.0 5.35 71.06 76.41 NOTE
r-release-linux-x86_64 0.2.0 6.02 73.65 79.67 NOTE
r-release-macos-arm64 0.2.0 33.00 NOTE
r-release-macos-x86_64 0.2.0 64.00 NOTE
r-release-windows-x86_64 0.2.0 26.00 125.00 151.00 NOTE
r-oldrel-macos-arm64 0.2.0 32.00 NOTE
r-oldrel-macos-x86_64 0.2.0 58.00 NOTE
r-oldrel-windows-ix86+x86_64 0.2.0 22.00 112.00 134.00 NOTE

Check Details

Version: 0.2.0
Check: LazyData
Result: NOTE
     'LazyData' is specified without a 'data' directory
Flavors: r-devel-linux-x86_64-debian-clang, r-devel-linux-x86_64-debian-gcc, r-devel-linux-x86_64-fedora-clang, r-devel-linux-x86_64-fedora-gcc, r-devel-windows-x86_64, r-patched-linux-x86_64, r-release-linux-x86_64, r-release-macos-arm64, r-release-macos-x86_64, r-release-windows-x86_64, r-oldrel-macos-arm64, r-oldrel-macos-x86_64, r-oldrel-windows-ix86+x86_64

Version: 0.2.0
Check: dependencies in R code
Result: NOTE
    Namespace in Imports field not imported from: ‘purrr’
     All declared Imports should be used.
Flavors: r-devel-linux-x86_64-fedora-clang, r-devel-linux-x86_64-fedora-gcc, r-release-macos-arm64, r-release-macos-x86_64, r-oldrel-macos-arm64, r-oldrel-macos-x86_64