CRAN Package Check Results for Package shinymodels

Last updated on 2022-01-22 07:52:57 CET.

Flavor Version Tinstall Tcheck Ttotal Status Flags
r-devel-linux-x86_64-debian-clang 0.1.0 17.49 153.93 171.42 OK
r-devel-linux-x86_64-debian-gcc 0.1.0 15.41 117.75 133.16 OK
r-devel-linux-x86_64-fedora-clang 0.1.0 206.84 NOTE
r-devel-linux-x86_64-fedora-gcc 0.1.0 192.33 OK
r-devel-windows-x86_64-new-UL 0.1.0 163.00 174.00 337.00 OK
r-devel-windows-x86_64-new-TK 0.1.0 OK
r-patched-linux-x86_64 0.1.0 15.81 147.10 162.91 OK
r-release-linux-x86_64 0.1.0 13.29 147.85 161.14 OK
r-release-macos-arm64 0.1.0 OK
r-release-macos-x86_64 0.1.0 OK
r-release-windows-ix86+x86_64 0.1.0 40.00 174.00 214.00 OK
r-oldrel-macos-x86_64 0.1.0 OK
r-oldrel-windows-ix86+x86_64 0.1.0 40.00 178.00 218.00 OK

Check Details

Version: 0.1.0
Check: Rd cross-references
Result: NOTE
    Undeclared package ‘finetune’ in Rd xrefs
Flavor: r-devel-linux-x86_64-fedora-clang