CRAN Package Check Results for Package shinymaterial

Last updated on 2022-08-07 21:56:35 CEST.

Flavor Version Tinstall Tcheck Ttotal Status Flags
r-devel-linux-x86_64-debian-clang 1.2.0 3.83 32.58 36.41 NOTE
r-devel-linux-x86_64-debian-gcc 1.2.0 2.83 25.55 28.38 NOTE
r-devel-linux-x86_64-fedora-clang 1.2.0 53.69 NOTE
r-devel-linux-x86_64-fedora-gcc 1.2.0 51.56 NOTE
r-devel-windows-x86_64 1.2.0 121.00 64.00 185.00 NOTE
r-patched-linux-x86_64 1.2.0 3.46 31.30 34.76 NOTE
r-release-linux-x86_64 1.2.0 3.37 30.81 34.18 NOTE
r-release-macos-arm64 1.2.0 19.00 NOTE
r-release-macos-x86_64 1.2.0 27.00 NOTE
r-release-windows-x86_64 1.2.0 116.00 62.00 178.00 NOTE
r-oldrel-macos-arm64 1.2.0 26.00 NOTE
r-oldrel-macos-x86_64 1.2.0 36.00 NOTE
r-oldrel-windows-ix86+x86_64 1.2.0 10.00 52.00 62.00 NOTE

Check Details

Version: 1.2.0
Check: LazyData
Result: NOTE
     'LazyData' is specified without a 'data' directory
Flavors: r-devel-linux-x86_64-debian-clang, r-devel-linux-x86_64-debian-gcc, r-devel-linux-x86_64-fedora-clang, r-devel-linux-x86_64-fedora-gcc, r-devel-windows-x86_64, r-patched-linux-x86_64, r-release-linux-x86_64, r-release-macos-arm64, r-release-macos-x86_64, r-release-windows-x86_64, r-oldrel-macos-arm64, r-oldrel-macos-x86_64, r-oldrel-windows-ix86+x86_64