CRAN Package Check Results for Package shinybrms

Last updated on 2021-09-22 08:50:30 CEST.

Flavor Version Tinstall Tcheck Ttotal Status Flags
r-devel-linux-x86_64-debian-clang 1.5.1 2.53 28.11 30.64 NOTE
r-devel-linux-x86_64-debian-gcc 1.5.1 2.10 22.42 24.52 NOTE
r-devel-linux-x86_64-fedora-clang 1.5.1 47.18 NOTE
r-devel-linux-x86_64-fedora-gcc 1.5.1 35.83 NOTE
r-devel-windows-x86_64 1.5.1 6.00 39.00 45.00 NOTE
r-devel-windows-x86_64-gcc10-UCRT 1.5.1 ERROR
r-patched-linux-x86_64 1.5.1 2.68 27.96 30.64 NOTE
r-patched-solaris-x86 1.5.1 59.30 NOTE
r-release-linux-x86_64 1.5.1 2.49 27.38 29.87 NOTE
r-release-macos-arm64 1.5.1 NOTE
r-release-macos-x86_64 1.5.1 NOTE
r-release-windows-ix86+x86_64 1.5.1 9.00 39.00 48.00 NOTE
r-oldrel-macos-x86_64 1.5.1 OK
r-oldrel-windows-ix86+x86_64 1.5.1 6.00 36.00 42.00 OK

Check Details

Version: 1.5.1
Check: LazyData
Result: NOTE
     'LazyData' is specified without a 'data' directory
Flavors: r-devel-linux-x86_64-debian-clang, r-devel-linux-x86_64-debian-gcc, r-devel-linux-x86_64-fedora-clang, r-devel-linux-x86_64-fedora-gcc, r-devel-windows-x86_64, r-patched-linux-x86_64, r-patched-solaris-x86, r-release-linux-x86_64, r-release-macos-arm64, r-release-macos-x86_64, r-release-windows-ix86+x86_64

Version: 1.5.1
Check: package dependencies
Result: ERROR
    Packages required but not available: 'brms', 'rstan'
    
    Packages suggested but not available for checking:
     'shinystan', 'rstanarm', 'shinytest'
    
    See section 'The DESCRIPTION file' in the 'Writing R Extensions'
    manual.
Flavor: r-devel-windows-x86_64-gcc10-UCRT