CRAN Package Check Results for Package shinyaframe

Last updated on 2019-08-23 10:48:24 CEST.

Flavor Version Tinstall Tcheck Ttotal Status Flags
r-devel-linux-x86_64-debian-clang 1.0.1 2.08 20.60 22.68 OK
r-devel-linux-x86_64-debian-gcc 1.0.1 1.69 16.45 18.14 OK
r-devel-linux-x86_64-fedora-clang 1.0.1 27.44 NOTE
r-devel-linux-x86_64-fedora-gcc 1.0.1 29.75 NOTE
r-devel-windows-ix86+x86_64 1.0.1 6.00 33.00 39.00 OK
r-patched-linux-x86_64 1.0.1 1.60 20.57 22.17 OK
r-patched-solaris-x86 1.0.1 43.50 NOTE
r-release-linux-x86_64 1.0.1 1.65 20.22 21.87 OK
r-release-windows-ix86+x86_64 1.0.1 7.00 51.00 58.00 OK
r-release-osx-x86_64 1.0.1 NOTE
r-oldrel-windows-ix86+x86_64 1.0.1 5.00 45.00 50.00 OK
r-oldrel-osx-x86_64 1.0.1 NOTE

Check Details

Version: 1.0.1
Check: dependencies in R code
Result: NOTE
    Namespace in Imports field not imported from: ‘shiny’
     All declared Imports should be used.
Flavors: r-devel-linux-x86_64-fedora-clang, r-devel-linux-x86_64-fedora-gcc, r-patched-solaris-x86, r-release-osx-x86_64, r-oldrel-osx-x86_64