CRAN Package Check Results for Package shinyaframe

Last updated on 2020-01-25 08:50:15 CET.

Flavor Version Tinstall Tcheck Ttotal Status Flags
r-devel-linux-x86_64-debian-clang 1.0.1 2.18 21.62 23.80 OK
r-devel-linux-x86_64-debian-gcc 1.0.1 1.57 17.02 18.59 OK
r-devel-linux-x86_64-fedora-clang 1.0.1 29.82 NOTE
r-devel-linux-x86_64-fedora-gcc 1.0.1 29.23 NOTE
r-devel-windows-ix86+x86_64 1.0.1 6.00 50.00 56.00 OK
r-devel-windows-ix86+x86_64-gcc8 1.0.1 12.00 35.00 47.00 OK
r-patched-linux-x86_64 1.0.1 1.73 19.62 21.35 OK
r-patched-solaris-x86 1.0.1 41.80 NOTE
r-release-linux-x86_64 1.0.1 1.74 19.97 21.71 OK
r-release-windows-ix86+x86_64 1.0.1 4.00 49.00 53.00 OK
r-release-osx-x86_64 1.0.1 NOTE
r-oldrel-windows-ix86+x86_64 1.0.1 3.00 30.00 33.00 OK
r-oldrel-osx-x86_64 1.0.1 NOTE

Check Details

Version: 1.0.1
Check: dependencies in R code
Result: NOTE
    Namespace in Imports field not imported from: ‘shiny’
     All declared Imports should be used.
Flavors: r-devel-linux-x86_64-fedora-clang, r-devel-linux-x86_64-fedora-gcc, r-patched-solaris-x86, r-release-osx-x86_64, r-oldrel-osx-x86_64