Last updated on 2023-12-10 19:49:26 CET.
Flavor | Version | Tinstall | Tcheck | Ttotal | Status | Flags |
---|---|---|---|---|---|---|
r-devel-linux-x86_64-debian-clang | 0.8.0 | 10.47 | 87.50 | 97.97 | NOTE | |
r-devel-linux-x86_64-debian-gcc | 0.8.0 | 7.55 | 66.20 | 73.75 | NOTE | |
r-devel-linux-x86_64-fedora-clang | 0.8.0 | 122.72 | OK | |||
r-devel-linux-x86_64-fedora-gcc | 0.8.0 | 119.40 | OK | |||
r-devel-windows-x86_64 | 0.8.0 | 15.00 | 112.00 | 127.00 | OK | |
r-patched-linux-x86_64 | 0.8.0 | 15.00 | 86.14 | 101.14 | OK | |
r-release-linux-x86_64 | 0.8.0 | 9.38 | 85.34 | 94.72 | OK | |
r-release-macos-arm64 | 0.8.0 | 40.00 | OK | |||
r-release-macos-x86_64 | 0.8.0 | 68.00 | OK | |||
r-release-windows-x86_64 | 0.8.0 | 17.00 | 127.00 | 144.00 | OK | |
r-oldrel-macos-arm64 | 0.8.0 | 38.00 | OK | |||
r-oldrel-macos-x86_64 | 0.8.0 | 54.00 | OK | |||
r-oldrel-windows-x86_64 | 0.8.0 | 17.00 | 106.00 | 123.00 | OK |
Version: 0.8.0
Check: Rd files
Result: NOTE
checkRd: (-1) pickerOptions.Rd:81: Lost braces; missing escapes or markup?
81 | \item{noneResultsText}{The text displayed when a search doesn't return any results. Type: string; Default: 'No results matched {0}'.}
| ^
checkRd: (-1) setBackgroundColor.Rd:25: Lost braces; missing escapes or markup?
25 | \item{shinydashboard}{Set to \code{TRUE} if in a {shinydasboard} application.}
| ^
checkRd: (-1) setBackgroundImage.Rd:13: Lost braces; missing escapes or markup?
13 | \item{shinydashboard}{Set to \code{TRUE} if in a {shinydasboard} application.}
| ^
Flavors: r-devel-linux-x86_64-debian-clang, r-devel-linux-x86_64-debian-gcc