CRAN Package Check Results for Package shinyMonacoEditor

Last updated on 2023-06-01 21:53:07 CEST.

Flavor Version Tinstall Tcheck Ttotal Status Flags
r-devel-linux-x86_64-debian-clang 1.1.0 6.66 33.54 40.20 NOTE
r-devel-linux-x86_64-debian-gcc 1.1.0 4.61 26.58 31.19 NOTE
r-devel-linux-x86_64-fedora-clang 1.1.0 48.76 NOTE
r-devel-linux-x86_64-fedora-gcc 1.1.0 46.80 NOTE
r-devel-windows-x86_64 1.1.0 10.00 47.00 57.00 NOTE
r-patched-linux-x86_64 1.1.0 NOTE
r-release-linux-x86_64 1.1.0 6.28 32.39 38.67 NOTE
r-release-macos-arm64 1.1.0 23.00 NOTE
r-release-macos-x86_64 1.1.0 31.00 NOTE
r-release-windows-x86_64 1.1.0 11.00 50.00 61.00 NOTE
r-oldrel-macos-arm64 1.1.0 20.00 NOTE
r-oldrel-macos-x86_64 1.1.0 39.00 NOTE
r-oldrel-windows-x86_64 1.1.0 11.00 56.00 67.00 NOTE

Check Details

Version: 1.1.0
Check: LazyData
Result: NOTE
     'LazyData' is specified without a 'data' directory
Flavors: r-devel-linux-x86_64-debian-clang, r-devel-linux-x86_64-debian-gcc, r-devel-linux-x86_64-fedora-clang, r-devel-linux-x86_64-fedora-gcc, r-devel-windows-x86_64, r-patched-linux-x86_64, r-release-linux-x86_64, r-release-macos-arm64, r-release-macos-x86_64, r-release-windows-x86_64, r-oldrel-macos-arm64, r-oldrel-macos-x86_64, r-oldrel-windows-x86_64

Version: 1.1.0
Check: installed package size
Result: NOTE
     installed size is 21.6Mb
     sub-directories of 1Mb or more:
     shinyApp 21.4Mb
Flavors: r-devel-linux-x86_64-fedora-clang, r-devel-windows-x86_64, r-release-macos-arm64, r-release-macos-x86_64, r-release-windows-x86_64, r-oldrel-macos-arm64, r-oldrel-macos-x86_64, r-oldrel-windows-x86_64