Last updated on 2023-03-31 08:54:12 CEST.
Flavor | Version | Tinstall | Tcheck | Ttotal | Status | Flags |
---|---|---|---|---|---|---|
r-devel-linux-x86_64-debian-clang | 0.2 | 9.09 | 77.01 | 86.10 | NOTE | |
r-devel-linux-x86_64-debian-gcc | 0.2 | 7.50 | 56.47 | 63.97 | NOTE | |
r-devel-linux-x86_64-fedora-clang | 0.2 | 106.79 | NOTE | |||
r-devel-linux-x86_64-fedora-gcc | 0.2 | 99.00 | NOTE | |||
r-patched-linux-x86_64 | 0.2 | 8.77 | 72.39 | 81.16 | NOTE | |
r-release-linux-x86_64 | 0.2 | 8.11 | 74.40 | 82.51 | NOTE | |
r-release-macos-arm64 | 0.2 | 35.00 | NOTE | |||
r-release-macos-x86_64 | 0.2 | 56.00 | NOTE | |||
r-release-windows-x86_64 | 0.2 | 16.00 | 109.00 | 125.00 | NOTE | |
r-oldrel-macos-arm64 | 0.2 | 44.00 | NOTE | |||
r-oldrel-macos-x86_64 | 0.2 | 59.00 | NOTE | |||
r-oldrel-windows-ix86+x86_64 | 0.2 | 25.00 | 101.00 | 126.00 | NOTE |
Version: 0.2
Check: LazyData
Result: NOTE
'LazyData' is specified without a 'data' directory
Flavors: r-devel-linux-x86_64-debian-clang, r-devel-linux-x86_64-debian-gcc, r-devel-linux-x86_64-fedora-clang, r-devel-linux-x86_64-fedora-gcc, r-patched-linux-x86_64, r-release-linux-x86_64, r-release-macos-arm64, r-release-macos-x86_64, r-release-windows-x86_64, r-oldrel-macos-arm64, r-oldrel-macos-x86_64, r-oldrel-windows-ix86+x86_64