CRAN Package Check Results for Package shinyBS

Last updated on 2021-11-28 07:50:56 CET.

Flavor Version Tinstall Tcheck Ttotal Status Flags
r-devel-linux-x86_64-debian-clang 0.61 NOTE
r-devel-linux-x86_64-debian-gcc 0.61 2.70 26.02 28.72 NOTE
r-devel-linux-x86_64-fedora-clang 0.61 55.12 NOTE
r-devel-linux-x86_64-fedora-gcc 0.61 43.52 NOTE
r-devel-windows-x86_64-new-UL 0.61 11.00 72.00 83.00 NOTE
r-devel-windows-x86_64-new-TK 0.61 NOTE
r-devel-windows-x86_64-old 0.61 5.00 62.00 67.00 NOTE
r-patched-linux-x86_64 0.61 8.27 32.21 40.48 NOTE
r-patched-solaris-x86 0.61 67.00 NOTE
r-release-linux-x86_64 0.61 3.26 31.62 34.88 NOTE
r-release-macos-arm64 0.61 NOTE
r-release-macos-x86_64 0.61 NOTE
r-release-windows-ix86+x86_64 0.61 9.00 42.00 51.00 NOTE
r-oldrel-macos-x86_64 0.61 NOTE
r-oldrel-windows-ix86+x86_64 0.61 6.00 64.00 70.00 NOTE

Check Details

Version: 0.61
Check: R code for possible problems
Result: NOTE
    popify: no visible global function definition for 'runif'
    tipify: no visible global function definition for 'runif'
    Undefined global functions or variables:
     runif
    Consider adding
     importFrom("stats", "runif")
    to your NAMESPACE file.
Flavors: r-devel-linux-x86_64-debian-clang, r-devel-linux-x86_64-debian-gcc, r-devel-linux-x86_64-fedora-clang, r-devel-linux-x86_64-fedora-gcc, r-devel-windows-x86_64-new-UL, r-devel-windows-x86_64-new-TK, r-devel-windows-x86_64-old, r-patched-linux-x86_64, r-patched-solaris-x86, r-release-linux-x86_64, r-release-macos-arm64, r-release-macos-x86_64, r-release-windows-ix86+x86_64, r-oldrel-macos-x86_64, r-oldrel-windows-ix86+x86_64