CRAN Package Check Results for Package shinyBS

Last updated on 2020-09-19 20:48:08 CEST.

Flavor Version Tinstall Tcheck Ttotal Status Flags
r-devel-linux-x86_64-debian-clang 0.61 3.42 30.51 33.93 NOTE
r-devel-linux-x86_64-debian-gcc 0.61 2.64 23.99 26.63 NOTE
r-devel-linux-x86_64-fedora-clang 0.61 50.13 NOTE
r-devel-linux-x86_64-fedora-gcc 0.61 40.43 NOTE
r-devel-windows-ix86+x86_64 0.61 8.00 43.00 51.00 NOTE
r-patched-linux-x86_64 0.61 3.08 29.98 33.06 NOTE
r-patched-solaris-x86 0.61 62.00 NOTE
r-release-linux-x86_64 0.61 3.22 30.29 33.51 NOTE
r-release-macos-x86_64 0.61 NOTE
r-release-windows-ix86+x86_64 0.61 8.00 58.00 66.00 NOTE
r-oldrel-macos-x86_64 0.61 NOTE
r-oldrel-windows-ix86+x86_64 0.61 5.00 51.00 56.00 NOTE

Check Details

Version: 0.61
Check: R code for possible problems
Result: NOTE
    popify: no visible global function definition for 'runif'
    tipify: no visible global function definition for 'runif'
    Undefined global functions or variables:
     runif
    Consider adding
     importFrom("stats", "runif")
    to your NAMESPACE file.
Flavors: r-devel-linux-x86_64-debian-clang, r-devel-linux-x86_64-debian-gcc, r-devel-linux-x86_64-fedora-clang, r-devel-linux-x86_64-fedora-gcc, r-devel-windows-ix86+x86_64, r-patched-linux-x86_64, r-patched-solaris-x86, r-release-linux-x86_64, r-release-macos-x86_64, r-release-windows-ix86+x86_64, r-oldrel-macos-x86_64, r-oldrel-windows-ix86+x86_64