Last updated on 2023-09-21 20:54:57 CEST.
Flavor | Version | Tinstall | Tcheck | Ttotal | Status | Flags |
---|---|---|---|---|---|---|
r-devel-linux-x86_64-debian-clang | 0.4.2 | 6.49 | 44.57 | 51.06 | OK | |
r-devel-linux-x86_64-debian-gcc | 0.4.2 | 4.86 | 34.86 | 39.72 | OK | |
r-devel-linux-x86_64-fedora-clang | 0.4.2 | 67.07 | NOTE | |||
r-devel-linux-x86_64-fedora-gcc | 0.4.2 | 73.92 | OK | |||
r-devel-windows-x86_64 | 0.4.2 | 10.00 | 78.00 | 88.00 | NOTE | |
r-patched-linux-x86_64 | 0.4.2 | 5.72 | 44.08 | 49.80 | OK | |
r-release-linux-x86_64 | 0.4.2 | 5.23 | 43.99 | 49.22 | OK | |
r-release-macos-arm64 | 0.4.2 | 32.00 | NOTE | |||
r-release-macos-x86_64 | 0.4.2 | 48.00 | NOTE | |||
r-release-windows-x86_64 | 0.4.2 | 11.00 | 64.00 | 75.00 | NOTE | |
r-oldrel-macos-arm64 | 0.4.2 | 28.00 | NOTE | |||
r-oldrel-macos-x86_64 | 0.4.2 | 40.00 | NOTE | |||
r-oldrel-windows-x86_64 | 0.4.2 | 13.00 | 66.00 | 79.00 | NOTE |
Version: 0.4.2
Check: installed package size
Result: NOTE
installed size is 8.2Mb
sub-directories of 1Mb or more:
www 7.7Mb
Flavors: r-devel-linux-x86_64-fedora-clang, r-devel-windows-x86_64, r-release-macos-arm64, r-release-macos-x86_64, r-release-windows-x86_64, r-oldrel-macos-arm64, r-oldrel-macos-x86_64, r-oldrel-windows-x86_64