CRAN Package Check Results for Package sharpData

Last updated on 2021-09-21 08:50:11 CEST.

Flavor Version Tinstall Tcheck Ttotal Status Flags
r-devel-linux-x86_64-debian-clang 1.4 2.56 24.15 26.71 OK
r-devel-linux-x86_64-debian-gcc 1.4 1.98 19.41 21.39 OK
r-devel-linux-x86_64-fedora-clang 1.4 42.50 OK
r-devel-linux-x86_64-fedora-gcc 1.4 31.69 OK
r-devel-windows-x86_64 1.4 7.00 32.00 39.00 OK
r-devel-windows-x86_64-gcc10-UCRT 1.4 ERROR
r-patched-linux-x86_64 1.4 2.59 24.04 26.63 OK
r-patched-solaris-x86 1.4 49.00 OK
r-release-linux-x86_64 1.4 2.65 23.77 26.42 OK
r-release-macos-arm64 1.4 OK
r-release-macos-x86_64 1.4 OK
r-release-windows-ix86+x86_64 1.4 9.00 40.00 49.00 OK
r-oldrel-macos-x86_64 1.4 OK
r-oldrel-windows-ix86+x86_64 1.4 9.00 37.00 46.00 OK

Check Details

Version: 1.4
Check: whether package can be installed
Result: ERROR
    Installation failed.
Flavor: r-devel-windows-x86_64-gcc10-UCRT