CRAN Package Check Results for Package shapeNA

Last updated on 2021-12-04 07:50:34 CET.

Flavor Version Tinstall Tcheck Ttotal Status Flags
r-devel-linux-x86_64-debian-clang 0.0.2 2.59 34.68 37.27 NOTE
r-devel-linux-x86_64-debian-gcc 0.0.2 2.19 27.08 29.27 NOTE
r-devel-linux-x86_64-fedora-clang 0.0.2 46.79 NOTE
r-devel-linux-x86_64-fedora-gcc 0.0.2 35.02 NOTE
r-devel-windows-x86_64-new-UL 0.0.2 9.00 62.00 71.00 NOTE
r-devel-windows-x86_64-new-TK 0.0.2 NOTE
r-devel-windows-x86_64-old 0.0.2 4.00 35.00 39.00 NOTE
r-patched-linux-x86_64 0.0.2 3.10 25.43 28.53 NOTE
r-release-linux-x86_64 0.0.2 2.63 24.87 27.50 NOTE
r-release-macos-arm64 0.0.2 NOTE
r-release-macos-x86_64 0.0.2 NOTE
r-release-windows-ix86+x86_64 0.0.2 6.00 43.00 49.00 NOTE
r-oldrel-macos-x86_64 0.0.2 NOTE
r-oldrel-windows-ix86+x86_64 0.0.2 6.00 46.00 52.00 OK

Check Details

Version: 0.0.2
Check: LazyData
Result: NOTE
     'LazyData' is specified without a 'data' directory
Flavors: r-devel-linux-x86_64-debian-clang, r-devel-linux-x86_64-debian-gcc, r-devel-linux-x86_64-fedora-clang, r-devel-linux-x86_64-fedora-gcc, r-devel-windows-x86_64-new-UL, r-devel-windows-x86_64-new-TK, r-devel-windows-x86_64-old, r-patched-linux-x86_64, r-release-linux-x86_64, r-release-macos-arm64, r-release-macos-x86_64, r-release-windows-ix86+x86_64

Version: 0.0.2
Check: dependencies in R code
Result: NOTE
    Namespace in Imports field not imported from: ‘stats’
     All declared Imports should be used.
Flavors: r-devel-linux-x86_64-fedora-clang, r-devel-linux-x86_64-fedora-gcc, r-devel-windows-x86_64-new-TK, r-release-macos-arm64, r-release-macos-x86_64, r-oldrel-macos-x86_64